000
CDUS41 KCTP 250625
CLIIPT


CLIMATE REPORT
NATIONAL WEATHER SERVICE STATE COLLEGE PA
225 AM EDT SAT APR 25 2015


...................................

...THE WILLIAMSPORT PA CLIMATE SUMMARY FOR APRIL 24 2015...

CLIMATE NORMAL PERIOD 1981 TO 2010
CLIMATE RECORD PERIOD 1895 TO 2015


WEATHER ITEM   OBSERVED TIME   RECORD YEAR NORMAL DEPARTURE LAST
                VALUE   (LST)  VALUE       VALUE  FROM      YEAR
                                                  NORMAL
..................................................................
TEMPERATURE (F)
 YESTERDAY
  MAXIMUM         54    350 PM  96    1925  65    -11       62
  MINIMUM         35    602 AM  25    1930  42     -7       36
  AVERAGE         45                        53     -8       49

PRECIPITATION (IN)
  YESTERDAY        0.00          2.09 1977   0.10  -0.10     0.00
  MONTH TO DATE    4.19                      2.60   1.59     1.92
  SINCE MAR 1      6.56                      5.57   0.99     4.81
  SINCE JAN 1      9.35                     10.61  -1.26     8.61

SNOWFALL (IN)
  YESTERDAY        0.0           2.2  1967   0.0    0.0      0.0
  MONTH TO DATE    T                         1.1   -1.1       T
  SINCE MAR 1     11.4                       8.0    3.4      0.1
  SINCE JUL 1     44.4                      36.0    8.4     45.9
  SNOW DEPTH       0

DEGREE DAYS
 HEATING
  YESTERDAY       20                        12      8       16
  MONTH TO DATE  360                       391    -31      396
  SINCE MAR 1   1349                      1220    129     1396
  SINCE JUL 1   5986                      5687    299     6228

 COOLING
  YESTERDAY        0                         0      0        0
  MONTH TO DATE    0                         0      0        9
  SINCE MAR 1      0                         0      0        9
  SINCE JAN 1      0                         0      0        9
..................................................................


WIND (MPH)
  HIGHEST WIND SPEED    26   HIGHEST WIND DIRECTION    NW (300)
  HIGHEST GUST SPEED    36   HIGHEST GUST DIRECTION    NW (300)
  AVERAGE WIND SPEED    13.2


SKY COVER
  POSSIBLE SUNSHINE  MM
  AVERAGE SKY COVER 0.3


WEATHER CONDITIONS
 THE FOLLOWING WEATHER WAS RECORDED YESTERDAY.
  NO SIGNIFICANT WEATHER WAS OBSERVED.


RELATIVE HUMIDITY (PERCENT)
 HIGHEST    56           100 AM
 LOWEST     16           400 PM
 AVERAGE    36

..........................................................


THE WILLIAMSPORT PA CLIMATE NORMALS FOR TODAY
                         NORMAL    RECORD    YEAR
 MAXIMUM TEMPERATURE (F)   65        93      1925
 MINIMUM TEMPERATURE (F)   42        26      1956


SUNRISE AND SUNSET
APRIL 25 2015.........SUNRISE   614 AM EDT   SUNSET   758 PM EDT
APRIL 26 2015.........SUNRISE   612 AM EDT   SUNSET   759 PM EDT


-  INDICATES NEGATIVE NUMBERS.
R  INDICATES RECORD WAS SET OR TIED.
MM INDICATES DATA IS MISSING.
T  INDICATES TRACE AMOUNT.




$$
