000
CDHW43 PHFO 020232
CLIITO


CLIMATE REPORT
NATIONAL WEATHER SERVICE HONOLULU HI
432 PM HST WED APR 1 2015


...................................

...THE HILO HI CLIMATE SUMMARY FOR APRIL 1 2015...
VALID TODAY AS OF 0400 PM LOCAL TIME.

CLIMATE NORMAL PERIOD 1981 TO 2010
CLIMATE RECORD PERIOD 1946 TO 2015


WEATHER ITEM   OBSERVED TIME   RECORD YEAR NORMAL DEPARTURE LAST
                VALUE   (LST)  VALUE       VALUE  FROM      YEAR
                                                  NORMAL
..................................................................
TEMPERATURE (F)
 TODAY
  MAXIMUM         84   1212 PM  88    1974  79      5       76
  MINIMUM         68    255 AM  60    1956  65      3       68
  AVERAGE         76                        72      4       72

PRECIPITATION (IN)
  TODAY            0.01          5.17 2014   0.45  -0.44     5.17
  MONTH TO DATE    0.01                      0.45  -0.44     5.17
  SINCE MAR 1      8.93                     13.88  -4.95    23.90
  SINCE JAN 1     17.02                     32.70 -15.68    32.13

SNOWFALL (IN)
  TODAY            0.0
  MONTH TO DATE    0.0
  SINCE MAR 1      0.0
  SINCE JUL 1      0.0
  SNOW DEPTH       0

DEGREE DAYS
 HEATING
  TODAY            0                         0      0        0
  MONTH TO DATE    0                         0      0        0
  SINCE MAR 1      0                         0      0        0
  SINCE JUL 1      0                         0      0        0

 COOLING
  TODAY           11                         7      4        7
  MONTH TO DATE   11                         7      4        7
  SINCE MAR 1    252                       218     34      243
  SINCE JAN 1    778                       588    190      701
..................................................................


WIND (MPH)
  HIGHEST WIND SPEED    14   HIGHEST WIND DIRECTION     E (100)
  HIGHEST GUST SPEED    18   HIGHEST GUST DIRECTION     E (100)
  AVERAGE WIND SPEED     6.0


SKY COVER
  POSSIBLE SUNSHINE  MM
  AVERAGE SKY COVER 0.7


WEATHER CONDITIONS
 THE FOLLOWING WEATHER WAS RECORDED TODAY.
  LIGHT RAIN
  FOG


RELATIVE HUMIDITY (PERCENT)
 HIGHEST    93           300 AM
 LOWEST     48          1200 PM
 AVERAGE    71

..........................................................


THE HILO HI CLIMATE NORMALS FOR TOMORROW
                         NORMAL    RECORD    YEAR
 MAXIMUM TEMPERATURE (F)   79        89      1963
 MINIMUM TEMPERATURE (F)   65        58      2013


SUNRISE AND SUNSET
APRIL  1 2015.........SUNRISE   614 AM HST   SUNSET   634 PM HST
APRIL  2 2015.........SUNRISE   613 AM HST   SUNSET   635 PM HST


-  INDICATES NEGATIVE NUMBERS.
R  INDICATES RECORD WAS SET OR TIED.
MM INDICATES DATA IS MISSING.
T  INDICATES TRACE AMOUNT.




$$
