000
CDHW43 PHFO 191245
CLIITO


CLIMATE REPORT
NATIONAL WEATHER SERVICE HONOLULU HI
245 AM HST SUN APR 19 2015


...................................

...THE HILO HI CLIMATE SUMMARY FOR APRIL 18 2015...

CLIMATE NORMAL PERIOD 1981 TO 2010
CLIMATE RECORD PERIOD 1946 TO 2015


WEATHER ITEM   OBSERVED TIME   RECORD YEAR NORMAL DEPARTURE LAST
                VALUE   (LST)  VALUE       VALUE  FROM      YEAR
                                                  NORMAL
..................................................................
TEMPERATURE (F)
 YESTERDAY
  MAXIMUM         83    223 PM  87    1986  79      4       82
  MINIMUM         64    619 AM  61    1973  66     -2       68
                                      1970
  AVERAGE         74                        72      2       75

PRECIPITATION (IN)
  YESTERDAY        0.09          3.41 1974   0.37  -0.28     0.15
  MONTH TO DATE   11.71                      7.41   4.30     9.87
  SINCE MAR 1     20.63                     20.84  -0.21    28.60
  SINCE JAN 1     28.72                     39.66 -10.94    36.83

SNOWFALL (IN)
  YESTERDAY        0.0
  MONTH TO DATE    0.0
  SINCE MAR 1      0.0
  SINCE JUL 1      0.0
  SNOW DEPTH       0

DEGREE DAYS
 HEATING
  YESTERDAY        0                         0      0        0
  MONTH TO DATE    0                         0      0        0
  SINCE MAR 1      0                         0      0        0
  SINCE JUL 1      0                         0      0        0

 COOLING
  YESTERDAY        9                         7      2       10
  MONTH TO DATE  162                       126     36      148
  SINCE MAR 1    403                       337     66      384
  SINCE JAN 1    929                       707    222      842
..................................................................


WIND (MPH)
  HIGHEST WIND SPEED    15   HIGHEST WIND DIRECTION    NE (30)
  HIGHEST GUST SPEED    20   HIGHEST GUST DIRECTION    NE (50)
  AVERAGE WIND SPEED     7.1


SKY COVER
  POSSIBLE SUNSHINE  MM
  AVERAGE SKY COVER 0.4


WEATHER CONDITIONS
 THE FOLLOWING WEATHER WAS RECORDED YESTERDAY.
  RAIN
  LIGHT RAIN
  FOG


RELATIVE HUMIDITY (PERCENT)
 HIGHEST    93           300 AM
 LOWEST     51           300 PM
 AVERAGE    72

..........................................................


THE HILO HI CLIMATE NORMALS FOR TODAY
                         NORMAL    RECORD    YEAR
 MAXIMUM TEMPERATURE (F)   79        88      1978
 MINIMUM TEMPERATURE (F)   66        63      1988
                                             1982
                                             1973


SUNRISE AND SUNSET
APRIL 19 2015.........SUNRISE   600 AM HST   SUNSET   639 PM HST
APRIL 20 2015.........SUNRISE   559 AM HST   SUNSET   640 PM HST


-  INDICATES NEGATIVE NUMBERS.
R  INDICATES RECORD WAS SET OR TIED.
MM INDICATES DATA IS MISSING.
T  INDICATES TRACE AMOUNT.




$$
