000
CDUS43 KGLD 280741
CLIITR

CLIMATE REPORT
NATIONAL WEATHER SERVICE GOODLAND
136 AM MDT TUE APR 28 2015

...................................

...THE BURLINGTON CO CLIMATE SUMMARY FOR APRIL 27 2015...

CLIMATE NORMAL PERIOD 1981 TO 2010
CLIMATE RECORD PERIOD 1896 TO 2015


WEATHER ITEM   OBSERVED TIME   RECORD YEAR NORMAL DEPARTURE LAST
                VALUE   (LST)  VALUE       VALUE  FROM      YEAR
                                                  NORMAL
..................................................................
TEMPERATURE (F)
 YESTERDAY
  MAXIMUM         58    342 PM  90    1981  66     -8       63
  MINIMUM         41   1018 PM  21    1994  37      4       37
                                      1984
  AVERAGE         50                        52     -2       50

PRECIPITATION (IN)
  YESTERDAY        T                         0.06  -0.06     0.07
  MONTH TO DATE    2.36                      1.26   1.10     0.43
  SINCE MAR 1      2.68                      2.15   0.53     0.64
  SINCE JAN 1      3.82                      2.95   0.87     1.34

..................................................................


THE BURLINGTON CO CLIMATE NORMALS FOR TODAY
                         NORMAL    RECORD    YEAR
 MAXIMUM TEMPERATURE (F)   66        93      1910
 MINIMUM TEMPERATURE (F)   38        21      1984


-  INDICATES NEGATIVE NUMBERS.
R  INDICATES RECORD WAS SET OR TIED.
MM INDICATES DATA IS MISSING.
T  INDICATES TRACE AMOUNT.

$$
