000
CDUS43 KSGF 190628
CLIJLN


CLIMATE REPORT
NATIONAL WEATHER SERVICE SPRINGFIELD MO
128 AM CDT SUN APR 19 2015


...................................

...THE JOPLIN MO CLIMATE SUMMARY FOR APRIL 18 2015...

CLIMATE NORMAL PERIOD 1981 TO 2010
CLIMATE RECORD PERIOD 1902 TO 2015


WEATHER ITEM   OBSERVED TIME   RECORD YEAR NORMAL DEPARTURE LAST
                VALUE   (LST)  VALUE       VALUE  FROM      YEAR
                                                  NORMAL
..................................................................
TEMPERATURE (F)
 YESTERDAY
  MAXIMUM         71    448 PM  95    2006  71      0       71
  MINIMUM         57   1159 PM  28    1953  48      9       37
  AVERAGE         64                        59      5       54

PRECIPITATION (IN)
  YESTERDAY        1.20          1.43 2013   0.15   1.05     0.00
  MONTH TO DATE    3.60                      2.39   1.21     0.55
  SINCE MAR 1      5.43                      5.81  -0.38     2.43
  SINCE JAN 1      6.95                     10.16  -3.21     3.28

DEGREE DAYS
 HEATING
  YESTERDAY        1                         7     -6       11
  MONTH TO DATE   99                       172    -73      213
  SINCE MAR 1    589                       680    -91      876
  SINCE JUL 1   4125                      3934    191     4725

 COOLING
  YESTERDAY        0                         2     -2        0
  MONTH TO DATE   34                        20     14       10
  SINCE MAR 1     34                        29      5       10
  SINCE JAN 1     34                        30      4       10
..................................................................


WIND (MPH)
  HIGHEST WIND SPEED    13   HIGHEST WIND DIRECTION     W (250)
  HIGHEST GUST SPEED    17   HIGHEST GUST DIRECTION     W (270)
  AVERAGE WIND SPEED     5.4


SKY COVER
  AVERAGE SKY COVER 0.5


WEATHER CONDITIONS
 THE FOLLOWING WEATHER WAS RECORDED YESTERDAY.
  THUNDERSTORM
  RAIN
  LIGHT RAIN
  FOG


RELATIVE HUMIDITY (PERCENT)
 HIGHEST   100           900 AM
 LOWEST     66           500 PM
 AVERAGE    83

..........................................................


THE JOPLIN MO CLIMATE NORMALS FOR TODAY
                         NORMAL    RECORD    YEAR
 MAXIMUM TEMPERATURE (F)   71        93      1987
 MINIMUM TEMPERATURE (F)   48        31      1953
                                             1988


SUNRISE AND SUNSET
APRIL 19 2015.........SUNRISE   638 AM CDT   SUNSET   756 PM CDT
APRIL 20 2015.........SUNRISE   637 AM CDT   SUNSET   757 PM CDT


-  INDICATES NEGATIVE NUMBERS.
R  INDICATES RECORD WAS SET OR TIED.
MM INDICATES DATA IS MISSING.
T  INDICATES TRACE AMOUNT.




$$
