000
CDUS41 KCTP 172118
CLIJST


CLIMATE REPORT
NATIONAL WEATHER SERVICE STATE COLLEGE PA
518 PM EDT FRI APR 17 2015


...................................

...THE JOHNSTOWN CLIMATE SUMMARY FOR APRIL 17 2015...
VALID TODAY AS OF 0500 PM LOCAL TIME.

CLIMATE NORMAL PERIOD 1981 TO 2010
CLIMATE RECORD PERIOD 2000 TO 2015


WEATHER ITEM   OBSERVED TIME   RECORD YEAR NORMAL DEPARTURE LAST
                VALUE   (LST)  VALUE       VALUE  FROM      YEAR
                                                  NORMAL
..................................................................
TEMPERATURE (F)
 TODAY
  MAXIMUM         63    345 PM  92    1976  57      6       51
  MINIMUM         50   1212 AM  21    1966  39     11       28
  AVERAGE         57                        48      9       40

PRECIPITATION (IN)
  TODAY            0.06          2.19 1972   0.11  -0.05     0.00
  MONTH TO DATE    2.11                      2.17  -0.06     1.94
  SINCE MAR 1      6.16                      5.46   0.70     3.89
  SINCE JAN 1      9.56                     10.69  -1.13     7.93

DEGREE DAYS
 HEATING
  TODAY            8                        17     -9       25
  MONTH TO DATE  243                       345   -102      308
  SINCE MAR 1   1224                      1258    -34     1404
  SINCE JUL 1   6413                      6137    276     6732

 COOLING
  TODAY            0                         0      0        0
  MONTH TO DATE    0                         0      0        4
  SINCE MAR 1      0                         0      0        4
  SINCE JAN 1      0                         0      0        4
..................................................................


WIND (MPH)
  HIGHEST WIND SPEED    16   HIGHEST WIND DIRECTION     W (280)
  HIGHEST GUST SPEED    21   HIGHEST GUST DIRECTION     W (270)
  AVERAGE WIND SPEED     8.1


SKY COVER
  POSSIBLE SUNSHINE  MM
  AVERAGE SKY COVER 1.0


WEATHER CONDITIONS
 THE FOLLOWING WEATHER WAS RECORDED TODAY.
  LIGHT RAIN
  FOG


RELATIVE HUMIDITY (PERCENT)
 HIGHEST   100          1000 AM
 LOWEST     67           400 PM
 AVERAGE    84

..........................................................


THE JOHNSTOWN CLIMATE NORMALS FOR TOMORROW
                         NORMAL    RECORD    YEAR
 MAXIMUM TEMPERATURE (F)   58        95      1976
 MINIMUM TEMPERATURE (F)   39        24      2001


SUNRISE AND SUNSET
APRIL 17 2015.........SUNRISE   634 AM EDT   SUNSET   756 PM EDT
APRIL 18 2015.........SUNRISE   633 AM EDT   SUNSET   757 PM EDT


-  INDICATES NEGATIVE NUMBERS.
R  INDICATES RECORD WAS SET OR TIED.
MM INDICATES DATA IS MISSING.
T  INDICATES TRACE AMOUNT.




$$
