000
CDUS45 KVEF 070825
CLILAS


CLIMATE REPORT
NATIONAL WEATHER SERVICE LAS VEGAS, NV
125 AM PDT THU MAY 7 2015


...................................

...THE LAS VEGAS NV CLIMATE SUMMARY FOR MAY 6 2015...

CLIMATE NORMAL PERIOD 1981 TO 2010
CLIMATE RECORD PERIOD 1937 TO 2015


WEATHER ITEM   OBSERVED TIME   RECORD YEAR NORMAL DEPARTURE LAST
                VALUE   (LST)  VALUE       VALUE  FROM      YEAR
                                                  NORMAL
..................................................................
TEMPERATURE (F)
 YESTERDAY
  MAXIMUM         85    213 PM 103    1947  85      0       71
  MINIMUM         65    518 AM  43    1964  63      2       56
  AVERAGE         75                        74      1       64

PRECIPITATION (IN)
  YESTERDAY        0.00          0.59 1969   0.00   0.00     0.00
  MONTH TO DATE    0.01                      0.02  -0.01     0.00
  SINCE OCT 1      2.26                      3.04  -0.78     1.72
  SINCE JAN 1      1.96                      1.91   0.05     0.30

SNOWFALL (IN)
  YESTERDAY        0.0           0.0    MM   0.0    0.0      0.0
  MONTH TO DATE    0.0                       0.0    0.0      0.0
  SINCE MAR 1      0.0                       0.0    0.0      0.0
  SINCE JUL 1      T                         0.3   -0.3      0.0
  SNOW DEPTH       0

DEGREE DAYS
 HEATING
  YESTERDAY        0                         0      0        1
  MONTH TO DATE    0                         4     -4        1
  SINCE MAR 1    102                       256   -154      126
  SINCE JUL 1   1209                      1947   -738     1512

 COOLING
  YESTERDAY       10                        10      0        0
  MONTH TO DATE   82                        53     29       72
  SINCE MAR 1    367                       212    155      296
  SINCE JAN 1    377                       213    164      299
..................................................................


WIND (MPH)
  RESULTANT WIND SPEED  11   RESULTANT WIND DIRECTION   S (190)
  HIGHEST WIND SPEED    26   HIGHEST WIND DIRECTION     S (190)
  HIGHEST GUST SPEED    36   HIGHEST GUST DIRECTION     S (180)
  AVERAGE WIND SPEED    12.0


SKY COVER
  POSSIBLE SUNSHINE  MM
  AVERAGE SKY COVER 0.4


WEATHER CONDITIONS
 THE FOLLOWING WEATHER WAS RECORDED YESTERDAY.
  NO SIGNIFICANT WEATHER WAS OBSERVED.


RELATIVE HUMIDITY (PERCENT)
 HIGHEST    42           500 AM
 LOWEST      9           100 PM
 AVERAGE    26

..........................................................


THE LAS VEGAS NV CLIMATE NORMALS FOR TODAY
                         NORMAL    RECORD    YEAR
 MAXIMUM TEMPERATURE (F)   86       102      1989
 MINIMUM TEMPERATURE (F)   63        41      1938


SUNRISE AND SUNSET
MAY  7 2015...........SUNRISE   542 AM PDT   SUNSET   733 PM PDT
MAY  8 2015...........SUNRISE   541 AM PDT   SUNSET   734 PM PDT


-  INDICATES NEGATIVE NUMBERS.
R  INDICATES RECORD WAS SET OR TIED.
MM INDICATES DATA IS MISSING.
T  INDICATES TRACE AMOUNT.




$$
