000
CDUS46 KLOX 210112
CLILAX


CLIMATE REPORT
NATIONAL WEATHER SERVICE LOS ANGELES/OXNARD CA
612 PM PDT MON APR 20 2015


...................................

...THE LOS ANGELES AIRPORT CLIMATE SUMMARY FOR APRIL 20 2015...
VALID TODAY AS OF 0600 PM LOCAL TIME.

CLIMATE NORMAL PERIOD 1981 TO 2010
CLIMATE RECORD PERIOD 1944 TO 2015


WEATHER ITEM   OBSERVED TIME   RECORD YEAR NORMAL DEPARTURE LAST
                VALUE   (LST)  VALUE       VALUE  FROM      YEAR
                                                  NORMAL
..................................................................
TEMPERATURE (F)
 TODAY
  MAXIMUM         64    100 PM  95    2009  67     -3       69
  MINIMUM         56    143 AM  47    1972  54      2       57
  AVERAGE         60                        60      0       63

PRECIPITATION (IN)
  TODAY            0.00          0.87 1953   0.02  -0.02     0.00
  MONTH TO DATE    0.10                      0.53  -0.43     0.17
  SINCE OCT 1      6.81                     12.06  -5.25     4.33
  SINCE JAN 1      2.11                      8.34  -6.23     3.32

SNOWFALL (IN)
  TODAY            0.0
  MONTH TO DATE    0.0
  SINCE MAR 1      0.0
  SINCE JUL 1      0.0

DEGREE DAYS
 HEATING
  TODAY            5                         5      0        2
  MONTH TO DATE   66                       113    -47       74
  SINCE MAR 1    141                       334   -193      164
  SINCE JUL 1    674                      1263   -589      719

 COOLING
  TODAY            0                         0      0        0
  MONTH TO DATE   10                         0     10        9
  SINCE MAR 1     78                         6     72       28
  SINCE JAN 1    105                        15     90       44
..................................................................


WIND (MPH)
  HIGHEST WIND SPEED    18   HIGHEST WIND DIRECTION     W (260)
  HIGHEST GUST SPEED    26   HIGHEST GUST DIRECTION     W (250)
  AVERAGE WIND SPEED     7.8


SKY COVER
  POSSIBLE SUNSHINE  MM
  AVERAGE SKY COVER 0.7


WEATHER CONDITIONS
 THE FOLLOWING WEATHER WAS RECORDED TODAY.
  NO SIGNIFICANT WEATHER WAS OBSERVED.


RELATIVE HUMIDITY (PERCENT)
 HIGHEST    86          1200 AM
 LOWEST     65          1100 AM
 AVERAGE    76

..........................................................


THE LOS ANGELES AIRPORT CLIMATE NORMALS FOR TOMORROW
                         NORMAL    RECORD    YEAR
 MAXIMUM TEMPERATURE (F)   67        90      2009
 MINIMUM TEMPERATURE (F)   54        44      1963


SUNRISE AND SUNSET
APRIL 20 2015.........SUNRISE   617 AM PDT   SUNSET   729 PM PDT
APRIL 21 2015.........SUNRISE   616 AM PDT   SUNSET   729 PM PDT


-  INDICATES NEGATIVE NUMBERS.
R  INDICATES RECORD WAS SET OR TIED.
MM INDICATES DATA IS MISSING.
T  INDICATES TRACE AMOUNT.




$$
