000
CDUS45 KPIH 270731
CLILLJ


CLIMATE REPORT
NATIONAL WEATHER SERVICE POCATELLO ID
129 AM MDT MON APR 27 2015


...................................

...THE CHALLIS ID CLIMATE SUMMARY FOR APRIL 26 2015...

CLIMATE NORMAL PERIOD 1981 TO 2010
CLIMATE RECORD PERIOD 1898 TO 2015


WEATHER ITEM   OBSERVED TIME   RECORD YEAR NORMAL DEPARTURE LAST
                VALUE   (LST)  VALUE       VALUE  FROM      YEAR
                                                  NORMAL
..................................................................
TEMPERATURE (F)
 YESTERDAY
  MAXIMUM         48    612 PM  82    1927  60    -12       49
  MINIMUM         35    621 AM  16    1924  32      3       35
  AVERAGE         42                        46     -4       42

PRECIPITATION (IN)
  YESTERDAY        0.01          0.43 1919   0.03  -0.02     0.01
  MONTH TO DATE    0.47                      0.68  -0.21     0.96
  SINCE OCT 1      3.04                      4.45  -1.41     3.37
  SINCE JAN 1      1.25                      2.52  -1.27     2.64

SNOWFALL (IN)
  YESTERDAY       MM
  MONTH TO DATE   MM
  SINCE MAR 1     MM
  SINCE JUL 1     MM
  SNOW DEPTH      MM

DEGREE DAYS
 HEATING
  YESTERDAY       23                        19      4       23
  MONTH TO DATE  576                       572      4      540
  SINCE MAR 1   1274                      1468   -194     1393
  SINCE JUL 1   6412                      7517  -1105     7142

 COOLING
  YESTERDAY        0                         0      0        0
  MONTH TO DATE    0                         0      0        0
  SINCE MAR 1      0                         0      0        0
  SINCE JAN 1      0                         0      0        0
..................................................................


WIND (MPH)
  HIGHEST WIND SPEED    17   HIGHEST WIND DIRECTION     N (350)
  HIGHEST GUST SPEED    22   HIGHEST GUST DIRECTION     N (350)
  AVERAGE WIND SPEED     5.4


SKY COVER
  POSSIBLE SUNSHINE  MM
  AVERAGE SKY COVER 1.0


WEATHER CONDITIONS
 THE FOLLOWING WEATHER WAS RECORDED YESTERDAY.
  LIGHT RAIN


RELATIVE HUMIDITY (PERCENT)
 HIGHEST   100           300 AM
 LOWEST     42           600 PM
 AVERAGE    71

..........................................................


THE CHALLIS ID CLIMATE NORMALS FOR TODAY
                         NORMAL    RECORD    YEAR
 MAXIMUM TEMPERATURE (F)   60        87      1927
 MINIMUM TEMPERATURE (F)   32        18      1899


SUNRISE AND SUNSET
APRIL 27 2015.........SUNRISE   634 AM MDT   SUNSET   836 PM MDT
APRIL 28 2015.........SUNRISE   632 AM MDT   SUNSET   837 PM MDT


-  INDICATES NEGATIVE NUMBERS.
R  INDICATES RECORD WAS SET OR TIED.
MM INDICATES DATA IS MISSING.
T  INDICATES TRACE AMOUNT.




$$
