000
CDUS43 KLOT 050638
CLILOT


CLIMATE REPORT
NATIONAL WEATHER SERVICE CHICAGO IL
137 AM CDT TUE MAY 5 2015


...................................

...THE ROMEOVILLE  WFO CLIMATE SUMMARY FOR MAY 4 2015...

CLIMATE NORMAL PERIOD 1981 TO 2010
CLIMATE RECORD PERIOD 1992 TO 2015


WEATHER ITEM   OBSERVED RECORD YEAR NORMAL DEPARTURE LAST
                VALUE   VALUE       VALUE  FROM      YEAR
                                           NORMAL
...........................................................
TEMPERATURE (F)
 YESTERDAY
  MAXIMUM         75     82    2000  68      7       57
                               1999
  MINIMUM         55     35    2005  46      9       45
  AVERAGE         65                 57      8       51

PRECIPITATION (IN)
  YESTERDAY        0.08   1.07 2003   0.14  -0.06     0.01
  MONTH TO DATE    0.10               0.58  -0.48     0.14
  SINCE MAR 1      4.35               7.31  -2.96     6.06
  SINCE JAN 1      7.19              11.02  -3.83    10.92

DEGREE DAYS
 HEATING
  YESTERDAY        0                  9     -9
  MONTH TO DATE   14                 37    -23
  SINCE MAR 1   1333               1303     30
  SINCE JUL 1   6578               6031    547

 COOLING
  YESTERDAY        0                  1     -1
  MONTH TO DATE    4                  2      2
  SINCE MAR 1      4                  7     -3
  SINCE JAN 1      4                  7     -3
...........................................................







THE ROMEOVILLE  WFO CLIMATE NORMALS FOR TODAY
                         NORMAL    RECORD    YEAR
 MAXIMUM TEMPERATURE (F)   68        84      2000
 MINIMUM TEMPERATURE (F)   46        32      1992


SUNRISE AND SUNSET
MAY  5 2015...........SUNRISE   544 AM CDT   SUNSET   754 PM CDT
MAY  6 2015...........SUNRISE   543 AM CDT   SUNSET   755 PM CDT


-  INDICATES NEGATIVE NUMBERS.
R  INDICATES RECORD WAS SET OR TIED.
MM INDICATES DATA IS MISSING.
T  INDICATES TRACE AMOUNT.




$$
