000
CDUS44 KCRP 040030
CLILRD

CLIMATE REPORT
NATIONAL WEATHER SERVICE CORPUS CHRISTI TX
729 PM CDT SUN MAY 3 2015


...................................

...THE LAREDO CLIMATE SUMMARY FOR MAY 3 2015...
VALID TODAY AS OF 0500 PM LOCAL TIME.

CLIMATE NORMAL PERIOD 1981 TO 2010
CLIMATE RECORD PERIOD 1900 TO 2015


WEATHER ITEM   OBSERVED TIME   RECORD YEAR NORMAL DEPARTURE LAST
                VALUE   (LST)  VALUE       VALUE  FROM      YEAR
                                                  NORMAL
..................................................................
TEMPERATURE (F)
 TODAY
  MAXIMUM         89    428 PM 107    1998  91     -2       93
  MINIMUM         66    613 AM  45    1918  69     -3       58
  AVERAGE         78                        80     -2       76

PRECIPITATION (IN)
  TODAY            0.00          2.96 1981   0.07  -0.07     0.00
  MONTH TO DATE    0.00                      0.21  -0.21      T
  SINCE MAR 1      7.05                      2.75   4.30     1.11
  SINCE JAN 1      7.93                      4.59   3.34     1.32

SNOWFALL (IN)
  TODAY            0.0
  MONTH TO DATE    0.0
  SINCE MAR 1      0.0
  SINCE JUL 1      0.0

DEGREE DAYS
 HEATING
  TODAY            0                         0      0        0
  MONTH TO DATE    0                         0      0        0
  SINCE MAR 1    129                        82     47      104
  SINCE JUL 1   1064                       926    138     1095

 COOLING
  TODAY           13                        15     -2       11
  MONTH TO DATE   29                        44    -15       22
  SINCE MAR 1    432                       559   -127      544
  SINCE JAN 1    480                       644   -164      656
..................................................................


WIND (MPH)
  HIGHEST WIND SPEED    21   HIGHEST WIND DIRECTION    SE (130)
  HIGHEST GUST SPEED    24   HIGHEST GUST DIRECTION    SE (130)


SKY COVER
  POSSIBLE SUNSHINE  MM
  AVERAGE SKY COVER 0.5


WEATHER CONDITIONS
 THE FOLLOWING WEATHER WAS RECORDED TODAY.
  NO SIGNIFICANT WEATHER WAS OBSERVED.


RELATIVE HUMIDITY (PERCENT)
 HIGHEST    90           500 AM
 LOWEST     48           200 PM
 AVERAGE    69

..........................................................


THE LAREDO CLIMATE NORMALS FOR TOMORROW
                         NORMAL    RECORD    YEAR
 MAXIMUM TEMPERATURE (F)   91       107      1999
 MINIMUM TEMPERATURE (F)   69        48      1918


SUNRISE AND SUNSET
MAY  3 2015...........SUNRISE   657 AM CDT   SUNSET   813 PM CDT
MAY  4 2015...........SUNRISE   656 AM CDT   SUNSET   813 PM CDT


-  INDICATES NEGATIVE NUMBERS.
R  INDICATES RECORD WAS SET OR TIED.
MM INDICATES DATA IS MISSING.
T  INDICATES TRACE AMOUNT.




$$
