000
CDUS43 KTOP 040633
CLILWC


CLIMATE REPORT
NATIONAL WEATHER SERVICE TOPEKA KS
132 AM CDT MON MAY 4 2015


...................................

...THE LAWRENCE KS CLIMATE SUMMARY FOR MAY 3 2015...

CLIMATE NORMAL PERIOD 1981 TO 2010
CLIMATE RECORD PERIOD 9999 TO 9999


WEATHER ITEM   OBSERVED NORMAL DEPARTURE LAST
                VALUE   VALUE  FROM      YEAR
                               NORMAL
...............................................
TEMPERATURE (F)
 YESTERDAY
  MAXIMUM         84     72     12       79
  MINIMUM         60     49     11       40
  AVERAGE         72     60     12       60

PRECIPITATION (IN)
  YESTERDAY        0.02   0.18  -0.16     0.00
  MONTH TO DATE    0.02   0.54  -0.52     0.00
  SINCE MAR 1      3.54   6.93  -3.39     4.54
  SINCE JAN 1      5.23   9.24  -4.01     5.59

DEGREE DAYS
 HEATING
  YESTERDAY        0      6     -6        5
  MONTH TO DATE    6     18    -12       34
  SINCE MAR 1    849    982   -133     1129
  SINCE JUL 1   5138   4997    141     5555

 COOLING
  YESTERDAY        7      1      6        0
  MONTH TO DATE    7      3      4        0
  SINCE MAR 1     12     26    -14       10
  SINCE JAN 1     12     26    -14       10
...............................................


WIND (MPH)
  HIGHEST WIND SPEED    26   HIGHEST WIND DIRECTION     S (190)
  HIGHEST GUST SPEED    36   HIGHEST GUST DIRECTION     S (190)
  AVERAGE WIND SPEED    13.1


SKY COVER
  AVERAGE SKY COVER 0.0


WEATHER CONDITIONS
 THE FOLLOWING WEATHER WAS RECORDED YESTERDAY.
  THUNDERSTORM
  LIGHT RAIN


RELATIVE HUMIDITY (PERCENT)
 HIGHEST    78
 LOWEST     42
 AVERAGE    60

..........................................................


THE LAWRENCE KS CLIMATE NORMALS FOR TODAY
                         NORMAL
 MAXIMUM TEMPERATURE (F)   73
 MINIMUM TEMPERATURE (F)   49


SUNRISE AND SUNSET
MAY  4 2015...........SUNRISE   620 AM CDT   SUNSET   816 PM CDT
MAY  5 2015...........SUNRISE   618 AM CDT   SUNSET   817 PM CDT


-  INDICATES NEGATIVE NUMBERS.
R  INDICATES RECORD WAS SET OR TIED.
MM INDICATES DATA IS MISSING.
T  INDICATES TRACE AMOUNT.




$$
