000
CDUS46 KOTX 300834
CLILWS


CLIMATE REPORT
NATIONAL WEATHER SERVICE SPOKANE, WA
134 AM PDT MON MAR 30 2015


...................................

...THE LEWISTON ID AIRPORT CLIMATE SUMMARY FOR MARCH 29 2015...

CLIMATE NORMAL PERIOD 1981 TO 2010
CLIMATE RECORD PERIOD 1881 TO 2015


WEATHER ITEM   OBSERVED TIME   RECORD YEAR NORMAL DEPARTURE LAST
                VALUE   (LST)  VALUE       VALUE  FROM      YEAR
                                                  NORMAL
..................................................................
TEMPERATURE (F)
 YESTERDAY
  MAXIMUM         68    422 PM  79    1923  58     10       62
  MINIMUM         40    241 AM  17    1954  38      2       40
  AVERAGE         54                        48      6       51

PRECIPITATION (IN)
  YESTERDAY        0.00          1.36 1883   0.04  -0.04     0.15
  MONTH TO DATE    1.18                      1.07   0.11     1.34
  SINCE OCT 1      7.66                      6.04   1.62     5.29
  SINCE JAN 1      3.47                      2.93   0.54     3.76

SNOWFALL (IN)
  YESTERDAY        0.0           0.1  1936   0.0    0.0      0.0
  MONTH TO DATE    0.0                       0.7   -0.7      0.6
  SINCE MAR 1      0.0                       0.7   -0.7      0.6
  SINCE JUL 1      1.5                      10.5   -9.0     16.5
  SNOW DEPTH       0

DEGREE DAYS
 HEATING
  YESTERDAY       11                        17     -6       14
  MONTH TO DATE  467                       580   -113      557
  SINCE MAR 1    467                       580   -113      557
  SINCE JUL 1   3689                      4435   -746     4718

 COOLING
  YESTERDAY        0                         0      0        0
  MONTH TO DATE    0                         0      0        0
  SINCE MAR 1      0                         0      0        0
  SINCE JAN 1      0                         0      0        0
..................................................................


WIND (MPH)
  HIGHEST WIND SPEED    13   HIGHEST WIND DIRECTION    NE (60)
  HIGHEST GUST SPEED    16   HIGHEST GUST DIRECTION     E (70)
  AVERAGE WIND SPEED     3.2


SKY COVER
  POSSIBLE SUNSHINE  MM
  AVERAGE SKY COVER 0.2


WEATHER CONDITIONS
 THE FOLLOWING WEATHER WAS RECORDED YESTERDAY.
  NO SIGNIFICANT WEATHER WAS OBSERVED.


RELATIVE HUMIDITY (PERCENT)
 HIGHEST    82           400 AM
 LOWEST     34           400 PM
 AVERAGE    58

..........................................................


THE LEWISTON ID AIRPORT CLIMATE NORMALS FOR TODAY
                         NORMAL    RECORD    YEAR
 MAXIMUM TEMPERATURE (F)   59        80      1923
 MINIMUM TEMPERATURE (F)   38        20      1954


SUNRISE AND SUNSET
MARCH 30 2015.........SUNRISE   632 AM PDT   SUNSET   714 PM PDT
MARCH 31 2015.........SUNRISE   630 AM PDT   SUNSET   715 PM PDT


-  INDICATES NEGATIVE NUMBERS.
R  INDICATES RECORD WAS SET OR TIED.
MM INDICATES DATA IS MISSING.
T  INDICATES TRACE AMOUNT.




$$
