000
CDUS41 KRNK 260649
CLILYH


CLIMATE REPORT
NATIONAL WEATHER SERVICE BLACKSBURG VA
246 AM EDT SUN APR 26 2015


...................................

...THE LYNCHBURG VA CLIMATE SUMMARY FOR APRIL 25 2015...

CLIMATE NORMAL PERIOD 1981 TO 2010
CLIMATE RECORD PERIOD 1893 TO 2015


WEATHER ITEM   OBSERVED TIME   RECORD YEAR NORMAL DEPARTURE LAST
                VALUE   (LST)  VALUE       VALUE  FROM      YEAR
                                                  NORMAL
..................................................................
TEMPERATURE (F)
 YESTERDAY
  MAXIMUM         51    332 AM  94    1925  71    -20       64
  MINIMUM         40   1159 PM  30    1969  45     -5       44
  AVERAGE         46                        58    -12       54

PRECIPITATION (IN)
  YESTERDAY        0.22          2.34 1937   0.11   0.11     0.19
  MONTH TO DATE    3.81                      2.77   1.04     3.60
  SINCE MAR 1      7.09                      6.35   0.74     6.53
  SINCE JAN 1     11.47                     12.42  -0.95    13.61

SNOWFALL (IN)
  YESTERDAY        0.0
  MONTH TO DATE    0.0
  SINCE MAR 1      2.5
  SINCE JUL 1     22.9
  SNOW DEPTH       0

DEGREE DAYS
 HEATING
  YESTERDAY       19                         8     11       11
  MONTH TO DATE  203                       268    -65      173
  SINCE MAR 1    813                       863    -50      823
  SINCE JUL 1   4502                      4287    215     4337

 COOLING
  YESTERDAY        0                         1     -1        0
  MONTH TO DATE    8                        13     -5       19
  SINCE MAR 1      8                        15     -7       19
  SINCE JAN 1      8                        15     -7       19
..................................................................


WIND (MPH)
  HIGHEST WIND SPEED    14   HIGHEST WIND DIRECTION    NE (40)
  HIGHEST GUST SPEED    19   HIGHEST GUST DIRECTION    NE (40)
  AVERAGE WIND SPEED     5.8


SKY COVER
  POSSIBLE SUNSHINE  MM
  AVERAGE SKY COVER 1.0


WEATHER CONDITIONS
 THE FOLLOWING WEATHER WAS RECORDED YESTERDAY.
  RAIN
  LIGHT RAIN
  FOG


RELATIVE HUMIDITY (PERCENT)
 HIGHEST   100           500 PM
 LOWEST     42           300 AM
 AVERAGE    71

..........................................................


THE LYNCHBURG VA CLIMATE NORMALS FOR TODAY
                         NORMAL    RECORD    YEAR
 MAXIMUM TEMPERATURE (F)   71        93      1915
 MINIMUM TEMPERATURE (F)   45        30      1934


SUNRISE AND SUNSET
APRIL 26 2015.........SUNRISE   628 AM EDT   SUNSET   802 PM EDT
APRIL 27 2015.........SUNRISE   627 AM EDT   SUNSET   803 PM EDT


-  INDICATES NEGATIVE NUMBERS.
R  INDICATES RECORD WAS SET OR TIED.
MM INDICATES DATA IS MISSING.
T  INDICATES TRACE AMOUNT.

$$
