000
CDUS44 KLZK 060905
CLILZK


CLIMATE REPORT
NATIONAL WEATHER SERVICE LITTLE ROCK AR
404 AM CDT WED MAY 6 2015


...................................

...THE NORTH LITTLE ROCK CLIMATE SUMMARY FOR MAY 5 2015...

CLIMATE NORMAL PERIOD 1981 TO 2010
CLIMATE RECORD PERIOD 1975 TO 2015


WEATHER ITEM   OBSERVED TIME   RECORD YEAR NORMAL DEPARTURE LAST
                VALUE   (LST)  VALUE       VALUE  FROM      YEAR
                                                  NORMAL
..................................................................
TEMPERATURE (F)
 YESTERDAY
  MAXIMUM         84        MM  90    2012  78      6       86
  MINIMUM         65        MM  40    2013  59      6       63
  AVERAGE         75                        68      7       75

PRECIPITATION (IN)
  YESTERDAY        T             2.62 2009   0.18  -0.18     0.00
  MONTH TO DATE    T                         0.89  -0.89      T
  SINCE MAR 1     13.61                     10.45   3.16     9.76
  SINCE JAN 1     19.79                     17.53   2.26    15.08

SNOWFALL (IN)
  YESTERDAY        0.0          MM      MM   0.0    0.0      0.0
  MONTH TO DATE    0.0                       0.0    0.0      0.0
  SINCE MAR 1      6.4                       0.4    6.0      1.6
  SINCE JUL 1     10.6                       4.4    6.2      5.2
  SNOW DEPTH      MM

DEGREE DAYS
 HEATING
  YESTERDAY        0                         1     -1        0
  MONTH TO DATE    3                         9     -6       16
  SINCE MAR 1    500                       505     -5      656
  SINCE JUL 1   3297                      2991    306     3483

 COOLING
  YESTERDAY       10                         4      6       10
  MONTH TO DATE   22                        20      2       23
  SINCE MAR 1     97                       107    -10       79
  SINCE JAN 1     97                       109    -12       79
..................................................................


WIND (MPH)
  HIGHEST WIND SPEED    14   HIGHEST WIND DIRECTION     S (160)
  HIGHEST GUST SPEED    21   HIGHEST GUST DIRECTION     S (170)
  AVERAGE WIND SPEED    11.2


SKY COVER
  POSSIBLE SUNSHINE  MM
  AVERAGE SKY COVER 0.5


WEATHER CONDITIONS
 THE FOLLOWING WEATHER WAS RECORDED YESTERDAY.
  LIGHT RAIN


RELATIVE HUMIDITY (PERCENT)
 HIGHEST    MM
 LOWEST     MM
 AVERAGE    MM

..........................................................


THE NORTH LITTLE ROCK CLIMATE NORMALS FOR TODAY
                         NORMAL    RECORD    YEAR
 MAXIMUM TEMPERATURE (F)   78        90      2012
                                             2007
 MINIMUM TEMPERATURE (F)   59        44      1992


SUNRISE AND SUNSET
MAY  6 2015...........SUNRISE   614 AM CDT   SUNSET   758 PM CDT
MAY  7 2015...........SUNRISE   613 AM CDT   SUNSET   759 PM CDT


-  INDICATES NEGATIVE NUMBERS.
R  INDICATES RECORD WAS SET OR TIED.
MM INDICATES DATA IS MISSING.
T  INDICATES TRACE AMOUNT.




$$
