000
CDUS42 KTAE 060645
CLIMAI


CLIMATE REPORT
NATIONAL WEATHER SERVICE TALLAHASSEE FL
244 AM EDT WED MAY 6 2015


...................................

...THE MARIANNA CLIMATE SUMMARY FOR MAY 5 2015...
VALID TODAY AS OF 0200 AM LOCAL TIME.

CLIMATE NORMAL PERIOD 1981 TO 2010
CLIMATE RECORD PERIOD 1950 TO 2015


WEATHER ITEM   OBSERVED NORMAL DEPARTURE LAST
                VALUE   VALUE  FROM      YEAR
                               NORMAL
...............................................
TEMPERATURE (F)
 TODAY
  MAXIMUM         84     85     -1       89
  MINIMUM         59     60     -1       58
  AVERAGE         72

PRECIPITATION (IN)
  TODAY            0.00   0.07  -0.07     0.00
  MONTH TO DATE    0.00   0.31  -0.31     0.00
  SINCE MAR 1     13.49   9.56   3.93    21.61
  SINCE JAN 1     20.67  19.54   1.13    28.94

...............................................







THE MARIANNA CLIMATE NORMALS FOR TOMORROW
                         NORMAL
 MAXIMUM TEMPERATURE (F)   85
 MINIMUM TEMPERATURE (F)   60



-  INDICATES NEGATIVE NUMBERS.
R  INDICATES RECORD WAS SET OR TIED.
MM INDICATES DATA IS MISSING.
T  INDICATES TRACE AMOUNT.




$$
