000
CDUS43 KABR 051031
CLIMBG


CLIMATE REPORT
NATIONAL WEATHER SERVICE ABERDEEN SD
531 AM CDT TUE MAY 5 2015


...................................

...THE MOBRIDGE SD CLIMATE SUMMARY FOR MAY 4 2015...

CLIMATE NORMAL PERIOD 1981 TO 2010
CLIMATE RECORD PERIOD 1911 TO 2015


WEATHER ITEM   OBSERVED TIME   RECORD YEAR NORMAL DEPARTURE LAST
                VALUE   (LST)  VALUE       VALUE  FROM      YEAR
                                                  NORMAL
..................................................................
TEMPERATURE (F)
 YESTERDAY
  MAXIMUM         67    543 PM  92    1918  65      2       47
                                      1939
  MINIMUM         35    523 AM  21    2013  40     -5       35
  AVERAGE         51                        52     -1       41

PRECIPITATION (IN)
  YESTERDAY        0.00          1.04 1999   0.09  -0.09      T
  MONTH TO DATE    T                         0.35  -0.35      T
  SINCE MAR 1      0.67                      2.82  -2.15     2.86
  SINCE JAN 1      1.47                      3.55  -2.08     3.47

DEGREE DAYS
 HEATING
  YESTERDAY       14                        13      1       24
  MONTH TO DATE   32                        53    -21       72
  SINCE MAR 1   1322                      1673   -351     1889
  SINCE JUL 1   7081                      7648   -567     8429

 COOLING
  YESTERDAY        0                         0      0        0
  MONTH TO DATE    5                         0      5        0
  SINCE MAR 1      5                         1      4        0
  SINCE JAN 1      5                         1      4        0
..................................................................


WIND (MPH)
  HIGHEST WIND SPEED    12   HIGHEST WIND DIRECTION     E (110)
  HIGHEST GUST SPEED    13   HIGHEST GUST DIRECTION    SE (120)
  AVERAGE WIND SPEED     4.9


SKY COVER
  POSSIBLE SUNSHINE  MM
  AVERAGE SKY COVER 0.4


WEATHER CONDITIONS
 THE FOLLOWING WEATHER WAS RECORDED YESTERDAY.
  NO SIGNIFICANT WEATHER WAS OBSERVED.


RELATIVE HUMIDITY (PERCENT)
 HIGHEST    70           600 AM
 LOWEST     19           500 PM
 AVERAGE    45

..........................................................


THE MOBRIDGE SD CLIMATE NORMALS FOR TODAY
                         NORMAL    RECORD    YEAR
 MAXIMUM TEMPERATURE (F)   66        93      1939
 MINIMUM TEMPERATURE (F)   40        18      1944


SUNRISE AND SUNSET
MAY  5 2015...........SUNRISE   624 AM CDT   SUNSET   853 PM CDT
MAY  6 2015...........SUNRISE   623 AM CDT   SUNSET   855 PM CDT


-  INDICATES NEGATIVE NUMBERS.
R  INDICATES RECORD WAS SET OR TIED.
MM INDICATES DATA IS MISSING.
T  INDICATES TRACE AMOUNT.




$$
