000
CDAK49 PAMC 270908
CLIMCG

CLIMATE REPORT
NATIONAL WEATHER SERVICE MCGRATH, AK
108 AM AKDT MON APR 27 2015

...................................
...THE MCGRATH AIRPORT CLIMATE SUMMARY FOR APRIL 26 2015...

CLIMATE NORMAL PERIOD  1981 TO  2015
CLIMATE RECORD PERIOD  1939 TO  2015

WEATHER ITEM   OBSERVED TIME    RECORD YEAR NORMAL DEPARTURE LAST
               VALUE    (LST)   VALUE       VALUE  FROM      YEAR
                                                   NORMAL
...................................................................
TEMPERATURE
YESTERDAY
 MAXIMUM            56  0409 PM    62  1958     48       8     55
 MINIMUM            29  0612 AM     3  1955     27       2     29
 AVERAGE            43                          37       6     42

PRECIPITATION
(INCHES)
 YESTERDAY        0.00           0.25  1990   0.03   -0.03   0.00
 MONTH TO DATE    0.34                        0.63   -0.29   0.07
 SINCE MAR 1      0.48                        1.44   -0.96   0.11
 SINCE JAN 1      0.92                        3.47   -2.55   1.80

SNOWFALL
(INCHES)
 YESTERDAY         0.0            1.8  1990    0.1    -0.1    0.0
 MONTH TO DATE     3.3                         4.7    -1.4    0.7
 SINCE MAR 1       8.5                        16.0    -7.5    1.1
 SINCE JUL 1      41.6                        96.0   -54.4   47.1
 SNOW DEPTH (IN)     0                                          0

DEGREE DAYS
 HEATING
  YESTERDAY         22                          28      -6     23
  MONTH TO DATE    791                         955    -164    900
  SINCE MAR 1     2251                        2611    -360   2500
  SINCE JUL 1    11317                       12849   -1532  11327

 COOLING
  YESTERDAY          0                           0       0      0
  MONTH TO DATE      0                           0       0      0
  SINCE MAR 1        0                           0       0      0
  SINCE JAN 1        0                           0       0      0
...................................................................

WIND (MPH)
 HIGHEST WIND SPEED    18     HIGHEST WIND DIRECTION     40
 HIGHEST GUST SPEED    24     HIGHEST GUST DIRECTION     50
 AVERAGE WIND SPEED   7.6

WEATHER CONDITIONS
 THE FOLLOWING WEATHER WAS RECORDED YESTERDAY.
  NO SIGNIFICANT WEATHER WAS OBSERVED.

...................................................................

THE MCGRATH CLIMATE NORMALS FOR TODAY
                           NORMAL    RECORD   YEAR
 MAXIMUM TEMPERATURE (F)     48        66     1958
 MINIMUM TEMPERATURE (F)     27         4     1955

SUNRISE AND SUNSET
 APR 27 2015..........SUNRISE  6:16 AM      SUNSET 10:27 PM
 APR 28 2015..........SUNRISE  6:13 AM      SUNSET 10:30 PM

-  INDICATES NEGATIVE NUMBERS.
R  INDICATES RECORD HAS BEEN SET OR TIED.
MM INDICATES DATA IS MISSING.
T  INDICATES TRACE OF PRECIPITATION.

&&
-------------------------------------------------------------------

AMOUNT OF DAYLIGHT TODAY  (HOUR:MIN)........16 HOURS 11 MINUTES
GAIN/LOSS SINCE YESTERDAY (HOUR:MIN:SEC)....+0:06:12

$$
TR APR 15
