000
CDUS44 KBMX 060811
CLIMGM


CLIMATE REPORT
NATIONAL WEATHER SERVICE BIRMINGHAM, AL
309 AM CDT WED MAY 6 2015


...................................

...THE MONTGOMERY CLIMATE SUMMARY FOR MAY 5 2015...

CLIMATE NORMAL PERIOD 1981 TO 2010
CLIMATE RECORD PERIOD 1994 TO 2015


WEATHER ITEM   OBSERVED TIME   RECORD YEAR NORMAL DEPARTURE LAST
                VALUE   (LST)  VALUE       VALUE  FROM      YEAR
                                                  NORMAL
..................................................................
TEMPERATURE (F)
 YESTERDAY
  MAXIMUM         85    143 PM  92    1959  81      4       89
                                      1955
                                      1952
  MINIMUM         58    450 AM  42    2013  57      1       56
                                      1997
  AVERAGE         72                        69      3       73

PRECIPITATION (IN)
  YESTERDAY        0.00          3.48 1890   0.12  -0.12     0.00
  MONTH TO DATE    0.00                      0.57  -0.57     0.00
  SINCE MAR 1      8.50                     10.54  -2.04    15.67
  SINCE JAN 1     16.16                     20.47  -4.31    23.34

DEGREE DAYS
 COOLING
  YESTERDAY        7                         5      2        8
  MONTH TO DATE   16                        23     -7       13
  SINCE MAR 1    237                       118    119      105
  SINCE JAN 1    237                       124    113      112
..................................................................


WIND (MPH)
  HIGHEST WIND SPEED    18   HIGHEST WIND DIRECTION     E (110)
  HIGHEST GUST SPEED    23   HIGHEST GUST DIRECTION     E (100)
  AVERAGE WIND SPEED     4.6


SKY COVER
  AVERAGE SKY COVER 0.1


WEATHER CONDITIONS
 THE FOLLOWING WEATHER WAS RECORDED YESTERDAY.
  NO SIGNIFICANT WEATHER WAS OBSERVED.


RELATIVE HUMIDITY (PERCENT)
 HIGHEST    84           100 AM
 LOWEST     37           200 PM
 AVERAGE    61

..........................................................


THE MONTGOMERY CLIMATE NORMALS FOR TODAY
                         NORMAL    RECORD    YEAR
 MAXIMUM TEMPERATURE (F)   82        94      1949
 MINIMUM TEMPERATURE (F)   58        44      1954


SUNRISE AND SUNSET
MAY  6 2015...........SUNRISE   555 AM CDT   SUNSET   730 PM CDT
MAY  7 2015...........SUNRISE   554 AM CDT   SUNSET   731 PM CDT


-  INDICATES NEGATIVE NUMBERS.
R  INDICATES RECORD WAS SET OR TIED.
MM INDICATES DATA IS MISSING.
T  INDICATES TRACE AMOUNT.




$$
