000
CDUS43 KTOP 050645
CLIMHK


CLIMATE REPORT
NATIONAL WEATHER SERVICE TOPEKA KS
143 AM CDT TUE MAY 5 2015


...................................

...THE MANHATTAN KS CLIMATE SUMMARY FOR MAY 4 2015...

CLIMATE NORMAL PERIOD 1981 TO 2010
CLIMATE RECORD PERIOD 9999 TO 9999


WEATHER ITEM   OBSERVED NORMAL DEPARTURE LAST
                VALUE   VALUE  FROM      YEAR
                               NORMAL
...............................................
TEMPERATURE (F)
 YESTERDAY
  MAXIMUM         85     72     13       91
  MINIMUM         60     47     13       50
  AVERAGE         73     60     13       71

PRECIPITATION (IN)
  YESTERDAY        4.22   0.14   4.08     0.00
  MONTH TO DATE    4.26   0.58   3.68     0.00
  SINCE MAR 1      7.04   5.58   1.46     2.48
  SINCE JAN 1      8.50   7.30   1.20     3.70

DEGREE DAYS
 HEATING
  YESTERDAY        0      6     -6        0
  MONTH TO DATE    3     27    -24       30
  SINCE MAR 1    828   1048   -220     1122
  SINCE JUL 1   5022   5208   -186     5653

 COOLING
  YESTERDAY        8      1      7        6
  MONTH TO DATE   24      4     20        6
  SINCE MAR 1     32     21     11       36
  SINCE JAN 1     32     21     11       36
...............................................


WIND (MPH)
  HIGHEST WIND SPEED    23   HIGHEST WIND DIRECTION    SW (220)
  HIGHEST GUST SPEED    30   HIGHEST GUST DIRECTION    SW (210)
  AVERAGE WIND SPEED     8.8


SKY COVER
  AVERAGE SKY COVER 0.4


WEATHER CONDITIONS
 THE FOLLOWING WEATHER WAS RECORDED YESTERDAY.
  THUNDERSTORM
  HEAVY RAIN
  RAIN
  LIGHT RAIN
  FOG
  FOG W/VISIBILITY <= 1/4 MILE


RELATIVE HUMIDITY (PERCENT)
 HIGHEST    97
 LOWEST     40
 AVERAGE    69

..........................................................


THE MANHATTAN KS CLIMATE NORMALS FOR TODAY
                         NORMAL
 MAXIMUM TEMPERATURE (F)   73
 MINIMUM TEMPERATURE (F)   48


SUNRISE AND SUNSET
MAY  5 2015...........SUNRISE   624 AM CDT   SUNSET   823 PM CDT
MAY  6 2015...........SUNRISE   623 AM CDT   SUNSET   824 PM CDT


-  INDICATES NEGATIVE NUMBERS.
R  INDICATES RECORD WAS SET OR TIED.
MM INDICATES DATA IS MISSING.
T  INDICATES TRACE AMOUNT.




$$
