000
CDUS43 KMKX 012148
CLIMKE


CLIMATE REPORT
NATIONAL WEATHER SERVICE IN MILWAUKEE
445 PM CDT WED APR 1 2015


...................................

...THE MILWAUKEE WI CLIMATE SUMMARY FOR APRIL 1 2015...
VALID TODAY AS OF 0400 PM LOCAL TIME.

CLIMATE NORMAL PERIOD 1981 TO 2010
CLIMATE RECORD PERIOD 1871 TO 2015


WEATHER ITEM   OBSERVED TIME   RECORD YEAR NORMAL DEPARTURE LAST
                VALUE   (LST)  VALUE       VALUE  FROM      YEAR
                                                  NORMAL
..................................................................
TEMPERATURE (F)
 TODAY
  MAXIMUM         56    258 PM  82    2010  48      8       53
  MINIMUM         33    517 AM  15    1881  33      0       30
  AVERAGE         45                        40      5       42

PRECIPITATION (IN)
  TODAY            0.00          0.73 1959   0.11  -0.11     0.00
  MONTH TO DATE    0.00                      0.11  -0.11     0.00
  SINCE MAR 1      0.83                      2.38  -1.55     1.12
  SINCE JAN 1      2.55                      5.79  -3.24     3.86

SNOWFALL (IN)
  TODAY            0.0           5.0  1927   0.1   -0.1      0.0
  MONTH TO DATE    0.0                       0.1   -0.1      0.0
  SINCE MAR 1      4.9                       7.1   -2.2      6.3
  SINCE JUL 1     43.0                      44.9   -1.9     63.1
  SNOW DEPTH       0

DEGREE DAYS
 HEATING
  TODAY           20                        25     -5       23
  MONTH TO DATE   20                        25     -5       23
  SINCE MAR 1    951                       954     -3     1133
  SINCE JUL 1   6283                      5934    349     6789

 COOLING
  TODAY            0                         0      0        0
  MONTH TO DATE    0                         0      0        0
  SINCE MAR 1      0                         0      0        0
  SINCE JAN 1      0                         0      0        0
..................................................................


WIND (MPH)
  HIGHEST WIND SPEED    21   HIGHEST WIND DIRECTION    SE (140)
  HIGHEST GUST SPEED    24   HIGHEST GUST DIRECTION    SE (140)
  AVERAGE WIND SPEED     8.3


SKY COVER
  POSSIBLE SUNSHINE  MM
  AVERAGE SKY COVER 0.2


WEATHER CONDITIONS
 THE FOLLOWING WEATHER WAS RECORDED TODAY.
  HAZE


RELATIVE HUMIDITY (PERCENT)
 HIGHEST    85           700 AM
 LOWEST     47           200 PM
 AVERAGE    66

..........................................................


THE MILWAUKEE WI CLIMATE NORMALS FOR TOMORROW
                         NORMAL    RECORD    YEAR
 MAXIMUM TEMPERATURE (F)   49        82      1963
 MINIMUM TEMPERATURE (F)   33        13      1886


SUNRISE AND SUNSET
APRIL  1 2015.........SUNRISE   634 AM CDT   SUNSET   718 PM CDT
APRIL  2 2015.........SUNRISE   632 AM CDT   SUNSET   719 PM CDT


-  INDICATES NEGATIVE NUMBERS.
R  INDICATES RECORD WAS SET OR TIED.
MM INDICATES DATA IS MISSING.
T  INDICATES TRACE AMOUNT.




$$

HAHN
