000
CDUS43 KDVN 190923
CLIMLI


CLIMATE REPORT
NATIONAL WEATHER SERVICE QUAD CITIES IA IL
423 AM CDT SUN APR 19 2015


...................................

...THE MOLINE IL CLIMATE SUMMARY FOR APRIL 18 2015...

CLIMATE NORMAL PERIOD 1981 TO 2010
CLIMATE RECORD PERIOD 1872 TO 2015


WEATHER ITEM   OBSERVED TIME   RECORD YEAR NORMAL DEPARTURE LAST
                VALUE   (LST)  VALUE       VALUE  FROM      YEAR
                                                  NORMAL
..................................................................
TEMPERATURE (F)
 YESTERDAY
  MAXIMUM         81    135 PM  91    2002  63     18       64
  MINIMUM         48    350 AM  23    1990  41      7       29
                                      1983
  AVERAGE         65                        52     13       47

PRECIPITATION (IN)
  YESTERDAY        0.01          1.97 1909   0.11  -0.10     0.00
  MONTH TO DATE    0.37                      2.06  -1.69     1.26
  SINCE MAR 1      1.26                      4.92  -3.66     2.17
  SINCE JAN 1      4.19                      8.01  -3.82     6.19

SNOWFALL (IN)
  YESTERDAY        0.0          MM      MM   0.0    0.0      0.0
  MONTH TO DATE    0.0                       0.8   -0.8       T
  SINCE MAR 1      0.1                       4.8   -4.7     10.3
  SINCE JUL 1     39.1                      31.5    7.6     65.1
  SNOW DEPTH       0

DEGREE DAYS
 HEATING
  YESTERDAY        0                        13    -13       18
  MONTH TO DATE  189                       290   -101      329
  SINCE MAR 1   1032                      1094    -62     1355
  SINCE JUL 1   6290                      5892    398     7025

 COOLING
  YESTERDAY        0                         1     -1        0
  MONTH TO DATE    0                         2     -2        5
  SINCE MAR 1      0                         3     -3        5
  SINCE JAN 1      0                         3     -3        5
..................................................................


WIND (MPH)
  HIGHEST WIND SPEED    23   HIGHEST WIND DIRECTION     E (100)
  HIGHEST GUST SPEED    28   HIGHEST GUST DIRECTION     E (100)
  AVERAGE WIND SPEED     8.8


SKY COVER
  POSSIBLE SUNSHINE  MM
  AVERAGE SKY COVER 0.1


WEATHER CONDITIONS
 THE FOLLOWING WEATHER WAS RECORDED YESTERDAY.
  LIGHT RAIN


RELATIVE HUMIDITY (PERCENT)
 HIGHEST    86           400 AM
 LOWEST     36           200 PM
 AVERAGE    61

..........................................................


THE MOLINE IL CLIMATE NORMALS FOR TODAY
                         NORMAL    RECORD    YEAR
 MAXIMUM TEMPERATURE (F)   64        86      1985
 MINIMUM TEMPERATURE (F)   42        23      1983


SUNRISE AND SUNSET
APRIL 19 2015.........SUNRISE   617 AM CDT   SUNSET   747 PM CDT
APRIL 20 2015.........SUNRISE   615 AM CDT   SUNSET   748 PM CDT


-  INDICATES NEGATIVE NUMBERS.
R  INDICATES RECORD WAS SET OR TIED.
MM INDICATES DATA IS MISSING.
T  INDICATES TRACE AMOUNT.




$$
