000
CDUS45 KBYZ 030933
CLIMLS


CLIMATE REPORT
NATIONAL WEATHER SERVICE BILLINGS MT
332 AM MDT SUN MAY 3 2015


...................................

...THE MILES CITY MT CLIMATE SUMMARY FOR MAY 2 2015...

CLIMATE NORMAL PERIOD 1981 TO 2010
CLIMATE RECORD PERIOD 1937 TO 2015


WEATHER ITEM   OBSERVED TIME   RECORD YEAR NORMAL DEPARTURE LAST
                VALUE   (LST)  VALUE       VALUE  FROM      YEAR
                                                  NORMAL
..................................................................
TEMPERATURE (F)
 YESTERDAY
  MAXIMUM         82    155 PM  90    1985  65     17       55
  MINIMUM         40    520 AM  18    1954  38      2       43
  AVERAGE         61                        52      9       49

PRECIPITATION (IN)
  YESTERDAY        T             0.29        0.06  -0.06     0.04
  MONTH TO DATE    T                         0.12  -0.12     0.04
  SINCE OCT 1      1.91                      4.24  -2.33     3.61
  SINCE JAN 1      0.90                      2.64  -1.74     1.93

DEGREE DAYS
 HEATING
  YESTERDAY        4                        14    -10       16
  MONTH TO DATE   12                        28    -16       32
  SINCE MAR 1   1199                      1540   -341     1693
  SINCE JUL 1   6669                      7274   -605     7732

 COOLING
  YESTERDAY        0                         0      0        0
  MONTH TO DATE    0                         0      0        0
  SINCE MAR 1      0                         1     -1        0
  SINCE JAN 1      0                         1     -1        0
..................................................................


WIND (MPH)
  HIGHEST WIND SPEED    45   HIGHEST WIND DIRECTION    NE (40)
  HIGHEST GUST SPEED    55   HIGHEST GUST DIRECTION    NE (40)
  AVERAGE WIND SPEED    14.7


SKY COVER
  POSSIBLE SUNSHINE  MM
  AVERAGE SKY COVER 0.2


WEATHER CONDITIONS
 THE FOLLOWING WEATHER WAS RECORDED YESTERDAY.
  LIGHT RAIN


RELATIVE HUMIDITY (PERCENT)
 HIGHEST    65           500 AM
 LOWEST     13           400 PM
 AVERAGE    39

..........................................................


THE MILES CITY MT CLIMATE NORMALS FOR TODAY
                         NORMAL    RECORD    YEAR
 MAXIMUM TEMPERATURE (F)   65        89      1986
 MINIMUM TEMPERATURE (F)   39        15      1954


SUNRISE AND SUNSET
MAY  3 2015...........SUNRISE   547 AM MDT   SUNSET   815 PM MDT
MAY  4 2015...........SUNRISE   545 AM MDT   SUNSET   816 PM MDT


-  INDICATES NEGATIVE NUMBERS.
R  INDICATES RECORD WAS SET OR TIED.
MM INDICATES DATA IS MISSING.
T  INDICATES TRACE AMOUNT.





&&

THIS IS AN AUTOMATED...UNATTENDED WEATHER STATION AND MAY
UNDERESTIMATE WINTER PRECIPITATION.

$$
