000
CDUS44 KSHV 050731
CLIMLU


CLIMATE REPORT
NATIONAL WEATHER SERVICE SHREVEPORT, LA
231 AM CDT TUE MAY 5 2015


...................................

...THE MONROE CLIMATE SUMMARY FOR MAY 4 2015...

CLIMATE NORMAL PERIOD 1981 TO 2010
CLIMATE RECORD PERIOD 1930 TO 2015


WEATHER ITEM   OBSERVED TIME   RECORD YEAR NORMAL DEPARTURE LAST
                VALUE   (LST)  VALUE       VALUE  FROM      YEAR
                                                  NORMAL
..................................................................
TEMPERATURE (F)
 YESTERDAY
  MAXIMUM         85    403 PM  92    2012  83      2       88
  MINIMUM         58    600 AM  39    2013  59     -1       53
  AVERAGE         72                        71      1       71

PRECIPITATION (IN)
  YESTERDAY        0.00          5.96 1989   0.18  -0.18     0.00
  MONTH TO DATE    0.00                      0.68  -0.68     0.00
  SINCE DEC 1     22.95                     24.83  -1.88    20.41
  SINCE JAN 1     18.47                     19.54  -1.07    17.15

SNOWFALL (IN)
  YESTERDAY        0.0
  MONTH TO DATE    0.0
  SINCE MAR 1      0.4
  SINCE JUL 1      3.9
  SNOW DEPTH       0

DEGREE DAYS
 HEATING
  YESTERDAY        0                         0      0        0
  MONTH TO DATE    0                         3     -3        9
  SINCE MAR 1    308                       333    -25      499
  SINCE JUL 1   2512                      2227    285     2825

 COOLING
  YESTERDAY        7                         6      1        6
  MONTH TO DATE   14                        24    -10        8
  SINCE MAR 1    158                       160     -2       94
  SINCE JAN 1    158                       171    -13       96
..................................................................


WIND (MPH)
  HIGHEST WIND SPEED    15   HIGHEST WIND DIRECTION    SW (230)
  HIGHEST GUST SPEED    20   HIGHEST GUST DIRECTION    SW (220)
  AVERAGE WIND SPEED     3.0


SKY COVER
  POSSIBLE SUNSHINE  MM
  AVERAGE SKY COVER 0.2


WEATHER CONDITIONS
 THE FOLLOWING WEATHER WAS RECORDED YESTERDAY.
  THUNDERSTORM
  FOG


RELATIVE HUMIDITY (PERCENT)
 HIGHEST   100           600 AM
 LOWEST     43           100 PM
 AVERAGE    72

..........................................................


THE MONROE CLIMATE NORMALS FOR TODAY
                         NORMAL    RECORD    YEAR
 MAXIMUM TEMPERATURE (F)   83        93      1952
 MINIMUM TEMPERATURE (F)   60        42      2013


SUNRISE AND SUNSET
MAY  5 2015...........SUNRISE   618 AM CDT   SUNSET   752 PM CDT
MAY  6 2015...........SUNRISE   617 AM CDT   SUNSET   753 PM CDT


-  INDICATES NEGATIVE NUMBERS.
R  INDICATES RECORD WAS SET OR TIED.
MM INDICATES DATA IS MISSING.
T  INDICATES TRACE AMOUNT.




$$
