000
CDUS46 KPQR 201141
CLIMMV


CLIMATE REPORT
NATIONAL WEATHER SERVICE PORTLAND OREGON
440 AM PDT MON APR 20 2015


...................................

...THE MCMINNVILLE OR CLIMATE SUMMARY FOR APRIL 19 2015...

CLIMATE NORMAL PERIOD 1981 TO 2010
CLIMATE RECORD PERIOD 1894 TO 2015


WEATHER ITEM   OBSERVED TIME   RECORD YEAR NORMAL DEPARTURE LAST
                VALUE   (LST)  VALUE       VALUE  FROM      YEAR
                                                  NORMAL
..................................................................
TEMPERATURE (F)
 YESTERDAY
  MAXIMUM         79    407 PM  81    1956  61     18       60
  MINIMUM         39    553 AM  27    1977  39      0       37
  AVERAGE         59                        50      9       49

PRECIPITATION (IN)
  YESTERDAY        0.00          0.98 1965   0.09  -0.09     0.06
  MONTH TO DATE    1.26                      2.02  -0.76     1.28
  SINCE OCT 1     30.60                     32.62  -2.02    21.85
  SINCE JAN 1     14.36                     16.59  -2.23    16.89

DEGREE DAYS
 HEATING
  YESTERDAY        6                        15     -9       16
  MONTH TO DATE  302                       299      3      244
  SINCE JUL 1   3212                      4250  -1038     4175

 COOLING
  YESTERDAY        0                         0      0        0
  MONTH TO DATE    0                         0      0        0
  SINCE JAN 1      0                         0      0        0
..................................................................


WIND (MPH)
  HIGHEST WIND SPEED    10   HIGHEST WIND DIRECTION     N (20)
  HIGHEST GUST SPEED    14   HIGHEST GUST DIRECTION     N (20)
  AVERAGE WIND SPEED     2.4


SKY COVER
  POSSIBLE SUNSHINE  MM
  AVERAGE SKY COVER 0.0


WEATHER CONDITIONS
 THE FOLLOWING WEATHER WAS RECORDED YESTERDAY.
  NO SIGNIFICANT WEATHER WAS OBSERVED.


RELATIVE HUMIDITY (PERCENT)
 HIGHEST    92           500 AM
 LOWEST     27           300 PM
 AVERAGE    60

..........................................................


THE MCMINNVILLE OR CLIMATE NORMALS FOR TODAY
                         NORMAL    RECORD    YEAR
 MAXIMUM TEMPERATURE (F)   62        90      1906
 MINIMUM TEMPERATURE (F)   40        27      1952


SUNRISE AND SUNSET
APRIL 20 2015.........SUNRISE   519 AM PST   SUNSET   705 PM PST
APRIL 21 2015.........SUNRISE   517 AM PST   SUNSET   706 PM PST


-  INDICATES NEGATIVE NUMBERS.
R  INDICATES RECORD WAS SET OR TIED.
MM INDICATES DATA IS MISSING.
T  INDICATES TRACE AMOUNT.




$$
