000
CDUS43 KBIS 210749
CLIMOT


CLIMATE REPORT
NATIONAL WEATHER SERVICE BISMARCK ND
249 AM CDT TUE APR 21 2015


...................................

...THE MINOT ND CLIMATE SUMMARY FOR APRIL 20 2015...

CLIMATE NORMAL PERIOD 1981 TO 2010
CLIMATE RECORD PERIOD 1897 TO 2015


WEATHER ITEM   OBSERVED TIME   RECORD YEAR NORMAL DEPARTURE LAST
                VALUE   (LST)  VALUE       VALUE  FROM      YEAR
                                                  NORMAL
..................................................................
TEMPERATURE (F)
 YESTERDAY
  MAXIMUM         52    352 PM  90    1980  58     -6       73
  MINIMUM         28    630 AM  13    2013  34     -6       32
  AVERAGE         40                        46     -6       53

PRECIPITATION (IN)
  YESTERDAY        0.00          2.00 1933   0.03  -0.03      T
  MONTH TO DATE    0.25                      0.64  -0.39     0.30
  SINCE MAR 1      0.62                      1.48  -0.86     0.35
  SINCE JAN 1      1.09                      2.39  -1.30     0.71

DEGREE DAYS
 HEATING
  YESTERDAY       25                        19      6       12
  MONTH TO DATE  441                       480    -39      566
  SINCE MAR 1   1402                      1619   -217     1849
  SINCE JUL 1   8090                      8195   -105     9082

 COOLING
  YESTERDAY        0                         0      0        0
  MONTH TO DATE    0                         0      0        0
  SINCE MAR 1      0                         0      0        0
  SINCE JAN 1      0                         0      0        0
..................................................................


WIND (MPH)
  HIGHEST WIND SPEED    37   HIGHEST WIND DIRECTION    NW (310)
  HIGHEST GUST SPEED    50   HIGHEST GUST DIRECTION    NW (310)
  AVERAGE WIND SPEED    19.9


SKY COVER
  POSSIBLE SUNSHINE  MM
  AVERAGE SKY COVER 0.1


WEATHER CONDITIONS
 THE FOLLOWING WEATHER WAS RECORDED YESTERDAY.
  LIGHT RAIN


RELATIVE HUMIDITY (PERCENT)
 HIGHEST    75           400 AM
 LOWEST     16           300 PM
 AVERAGE    46

..........................................................


THE MINOT ND CLIMATE NORMALS FOR TODAY
                         NORMAL    RECORD    YEAR
 MAXIMUM TEMPERATURE (F)   58        98      1915
 MINIMUM TEMPERATURE (F)   34        11      1931


SUNRISE AND SUNSET
APRIL 21 2015.........SUNRISE   644 AM CDT   SUNSET   844 PM CDT
APRIL 22 2015.........SUNRISE   642 AM CDT   SUNSET   846 PM CDT


-  INDICATES NEGATIVE NUMBERS.
R  INDICATES RECORD WAS SET OR TIED.
MM INDICATES DATA IS MISSING.
T  INDICATES TRACE AMOUNT.




$$
