000
CDUS44 KHUN 040704
CLIMSL


CLIMATE REPORT
NATIONAL WEATHER SERVICE HUNTSVILLE AL
203 AM CDT MON MAY 4 2015


...................................

...THE MUSCLE SHOALS CLIMATE SUMMARY FOR MAY 3 2015...

CLIMATE NORMAL PERIOD 1981 TO 2010
CLIMATE RECORD PERIOD 1893 TO 2015


WEATHER ITEM   OBSERVED TIME   RECORD YEAR NORMAL DEPARTURE LAST
                VALUE   (LST)  VALUE       VALUE  FROM      YEAR
                                                  NORMAL
..................................................................
TEMPERATURE (F)
 YESTERDAY
  MAXIMUM         80    408 PM  91    1902  78      2       79
  MINIMUM         48    530 AM  36    1918  55     -7       43
  AVERAGE         64                        66     -2       61

PRECIPITATION (IN)
  YESTERDAY        0.00          2.21 2002   0.15  -0.15     0.00
  MONTH TO DATE    0.00                      0.46  -0.46     0.00
  SINCE MAR 1     11.61                      9.57   2.04     9.22
  SINCE JAN 1     18.89                     18.84   0.05    14.91

SNOWFALL (IN)
  YESTERDAY        0.0
  MONTH TO DATE    0.0
  SINCE MAR 1      0.7
  SINCE JUL 1      4.2
  SNOW DEPTH       0

DEGREE DAYS
 HEATING
  YESTERDAY        1                         2     -1        4
  MONTH TO DATE   10                         6      4       20
  SINCE MAR 1    453                       544    -91      602
  SINCE JUL 1   3224                      3079    145     3373

 COOLING
  YESTERDAY        0                         3     -3        0
  MONTH TO DATE    0                         9     -9        0
  SINCE MAR 1     56                        73    -17       45
  SINCE JAN 1     56                        74    -18       45
..................................................................


WIND (MPH)
  HIGHEST WIND SPEED    12   HIGHEST WIND DIRECTION     S (180)
  HIGHEST GUST SPEED    18   HIGHEST GUST DIRECTION    SE (150)
  AVERAGE WIND SPEED     2.9


SKY COVER
  POSSIBLE SUNSHINE  MM
  AVERAGE SKY COVER 0.1


WEATHER CONDITIONS
 THE FOLLOWING WEATHER WAS RECORDED YESTERDAY.
  FOG
  FOG W/VISIBILITY <= 1/4 MILE


RELATIVE HUMIDITY (PERCENT)
 HIGHEST    96           600 AM
 LOWEST     32           100 PM
 AVERAGE    64

..........................................................


THE MUSCLE SHOALS CLIMATE NORMALS FOR TODAY
                         NORMAL    RECORD    YEAR
 MAXIMUM TEMPERATURE (F)   78        91      1902
 MINIMUM TEMPERATURE (F)   55        34      1940


SUNRISE AND SUNSET
MAY  4 2015...........SUNRISE   557 AM CDT   SUNSET   738 PM CDT
MAY  5 2015...........SUNRISE   556 AM CDT   SUNSET   739 PM CDT


-  INDICATES NEGATIVE NUMBERS.
R  INDICATES RECORD WAS SET OR TIED.
MM INDICATES DATA IS MISSING.
T  INDICATES TRACE AMOUNT.




$$
