000
CDUS41 KBTV 280613
CLIMVL


CLIMATE REPORT
NATIONAL WEATHER SERVICE BURLINGTON VT
212 AM EDT TUE APR 28 2015


...................................

...THE MORRISVILLE VT CLIMATE SUMMARY FOR APRIL 27 2015...

CLIMATE NORMAL PERIOD 1981 TO 2010
CLIMATE RECORD PERIOD 9999 TO 9999


WEATHER ITEM   OBSERVED TIME   NORMAL DEPARTURE LAST
                VALUE   (LST)  VALUE  FROM      YEAR
                                      NORMAL
......................................................
TEMPERATURE (F)
 YESTERDAY
  MAXIMUM         47   1034 PM  60    -13       46
  MINIMUM         40    645 AM  35      5       35
  AVERAGE         44            47     -3       41

PRECIPITATION (IN)
  YESTERDAY        T             0.08  -0.08     0.07
  MONTH TO DATE    1.15          2.17  -1.02     2.39
  SINCE MAR 1      1.50          3.84  -2.34     5.06
  SINCE JAN 1      2.62          8.12  -5.50     9.66

DEGREE DAYS
 HEATING
  YESTERDAY       21            18      3       24
  MONTH TO DATE  663           642     21      648
  SINCE MAR 1   1959          1769    190     2100
  SINCE JUL 1   7641          7729    -88     8154

 COOLING
  YESTERDAY        0             0      0        0
  MONTH TO DATE    0             0      0        0
  SINCE MAR 1      0             0      0        0
  SINCE JAN 1      0             0      0        0
......................................................


WIND (MPH)
  HIGHEST WIND SPEED    17   HIGHEST WIND DIRECTION     N (10)
  HIGHEST GUST SPEED    24   HIGHEST GUST DIRECTION     N (10)
  AVERAGE WIND SPEED     9.4


SKY COVER
  AVERAGE SKY COVER 1.0


WEATHER CONDITIONS
 THE FOLLOWING WEATHER WAS RECORDED YESTERDAY.
  LIGHT RAIN
  FOG


RELATIVE HUMIDITY (PERCENT)
 HIGHEST    89          1000 AM
 LOWEST     65           900 PM
 AVERAGE    77

..........................................................


THE MORRISVILLE VT CLIMATE NORMALS FOR TODAY
                         NORMAL    RECORD    YEAR
 MAXIMUM TEMPERATURE (F)   61        85      2009
 MINIMUM TEMPERATURE (F)   35        22      2006


SUNRISE AND SUNSET
APRIL 28 2015.........SUNRISE   546 AM EDT   SUNSET   751 PM EDT
APRIL 29 2015.........SUNRISE   544 AM EDT   SUNSET   752 PM EDT


-  INDICATES NEGATIVE NUMBERS.
R  INDICATES RECORD WAS SET OR TIED.
MM INDICATES DATA IS MISSING.
T  INDICATES TRACE AMOUNT.




$$
