000
CDUS45 KBOI 020931
CLIMYL


CLIMATE REPORT
NATIONAL WEATHER SERVICE BOISE ID
331 AM MDT SAT MAY 2 2015


...................................

...THE MCCALL ID CLIMATE SUMMARY FOR MAY 1 2015...

CLIMATE NORMAL PERIOD 1981 TO 2010
CLIMATE RECORD PERIOD 1930 TO 2015


WEATHER ITEM   OBSERVED TIME   RECORD YEAR NORMAL DEPARTURE LAST
                VALUE   (LST)  VALUE       VALUE  FROM      YEAR
                                                  NORMAL
..................................................................
TEMPERATURE (F)
 YESTERDAY
  MAXIMUM         66    220 PM  76    1985  54     12       71
  MINIMUM         27    553 AM  15    1972  29     -2       31
  AVERAGE         47                        42      5       51

PRECIPITATION (IN)
  YESTERDAY        0.00          0.45 2001   0.06  -0.06     0.00
  MONTH TO DATE    0.00                      0.06  -0.06     0.00
  SINCE OCT 1     15.79                     13.83   1.96    17.36
  SINCE JAN 1      7.03                      7.65  -0.62    13.29

DEGREE DAYS
 HEATING
  YESTERDAY       18                        23     -5       14
  MONTH TO DATE   18                        23     -5       14
  SINCE MAR 1   1572                      1983   -411     1814
  SINCE JUL 1   6943                      8658  -1715     7808

 COOLING
  YESTERDAY        0                         0      0        0
  MONTH TO DATE    0                         0      0        0
  SINCE MAR 1      0                         0      0        0
  SINCE JAN 1      0                         0      0        0
..................................................................


WIND (MPH)
  HIGHEST WIND SPEED    14   HIGHEST WIND DIRECTION     S (180)
  HIGHEST GUST SPEED    19   HIGHEST GUST DIRECTION     S (180)
  AVERAGE WIND SPEED     3.4


SKY COVER
  AVERAGE SKY COVER 0.0


WEATHER CONDITIONS
 THE FOLLOWING WEATHER WAS RECORDED YESTERDAY.
  NO SIGNIFICANT WEATHER WAS OBSERVED.


RELATIVE HUMIDITY (PERCENT)
 HIGHEST    85           500 AM
 LOWEST     19           200 PM
 AVERAGE    52

..........................................................


THE MCCALL ID CLIMATE NORMALS FOR TODAY
                         NORMAL    RECORD    YEAR
 MAXIMUM TEMPERATURE (F)   55        78      1985
 MINIMUM TEMPERATURE (F)   29        14      1948


SUNRISE AND SUNSET
MAY  2 2015...........SUNRISE   633 AM MDT   SUNSET   851 PM MDT
MAY  3 2015...........SUNRISE   631 AM MDT   SUNSET   852 PM MDT


-  INDICATES NEGATIVE NUMBERS.
R  INDICATES RECORD WAS SET OR TIED.
MM INDICATES DATA IS MISSING.
T  INDICATES TRACE AMOUNT.




$$
