000
CDUS43 KEAX 050638
CLIOJC


CLIMATE REPORT
NATIONAL WEATHER SERVICE KANSAS CITY/PLEASANT HILL MO
137 AM CDT TUE MAY 5 2015


...................................

...THE JOHNSON COUNTY EXECUTIVE KS CLIMATE SUMMARY FOR MAY 4 2015...

CLIMATE NORMAL PERIOD 1981 TO 2010
CLIMATE RECORD PERIOD 9999 TO 9999


WEATHER ITEM   OBSERVED TIME   NORMAL DEPARTURE LAST
                VALUE   (LST)  VALUE  FROM      YEAR
                                      NORMAL
......................................................
TEMPERATURE (F)
 YESTERDAY
  MAXIMUM         83    253 PM  71     12       85
  MINIMUM         60    601 AM  51      9       53
  AVERAGE         72            61     11       69

PRECIPITATION (IN)
  YESTERDAY        0.11          0.20  -0.09     0.00
  MONTH TO DATE    0.11          0.77  -0.66     0.00
  SINCE MAR 1      4.14          7.39  -3.25     5.72
  SINCE JAN 1      5.73         10.08  -4.35     6.21

DEGREE DAYS
 HEATING
  YESTERDAY        0             5     -5        0
  MONTH TO DATE    3            22    -19       32
  SINCE MAR 1    760           960   -200     1130
  SINCE JUL 1   4795          4853    -58     5611

 COOLING
  YESTERDAY        7             1      6        4
  MONTH TO DATE   14             4     10        4
  SINCE MAR 1     23            22      1        9
  SINCE JAN 1     23            22      1        9
......................................................


WIND (MPH)
  HIGHEST WIND SPEED    18   HIGHEST WIND DIRECTION     S (180)
  HIGHEST GUST SPEED    24   HIGHEST GUST DIRECTION     S (190)
  AVERAGE WIND SPEED     8.2


SKY COVER
  AVERAGE SKY COVER 0.3


WEATHER CONDITIONS
 THE FOLLOWING WEATHER WAS RECORDED YESTERDAY.
  THUNDERSTORM
  RAIN
  LIGHT RAIN
  FOG


RELATIVE HUMIDITY (PERCENT)
 HIGHEST   100          1100 PM
 LOWEST     47           300 PM
 AVERAGE    74

..........................................................


THE JOHNSON COUNTY EXECUTIVE KS CLIMATE NORMALS FOR TODAY
                         NORMAL
 MAXIMUM TEMPERATURE (F)   71
 MINIMUM TEMPERATURE (F)   52


SUNRISE AND SUNSET
MAY  5 2015...........SUNRISE   617 AM CDT   SUNSET   815 PM CDT
MAY  6 2015...........SUNRISE   616 AM CDT   SUNSET   816 PM CDT


-  INDICATES NEGATIVE NUMBERS.
R  INDICATES RECORD WAS SET OR TIED.
MM INDICATES DATA IS MISSING.
T  INDICATES TRACE AMOUNT.




$$
