000
CDUS46 KSGX 261421
CLIOKB


CLIMATE REPORT
NATIONAL WEATHER SERVICE SAN DIEGO, CA
721 AM PDT SUN APR 26 2015


...................................

...THE OCEANSIDE AIRPORT CA CLIMATE SUMMARY FOR APRIL 25 2015...

CLIMATE NORMAL PERIOD 1981 TO 2010
CLIMATE RECORD PERIOD 1999 TO 2015


WEATHER ITEM   OBSERVED TIME   RECORD YEAR NORMAL DEPARTURE LAST
                VALUE   (LST)  VALUE       VALUE  FROM      YEAR
                                                  NORMAL
..................................................................
TEMPERATURE (F)
 YESTERDAY
  MAXIMUM         67   1157 AM  84    2008  69     -2       68
  MINIMUM         59   1148 PM  43    2006  51      8       48
  AVERAGE         63                        60      3       58

PRECIPITATION (IN)
  YESTERDAY        0.04          0.24 2012   0.03   0.01     0.01
  MONTH TO DATE    0.04                      0.85  -0.81     0.31
  SINCE OCT 1      5.92                     12.66  -6.74     4.17
  SINCE JAN 1      1.52                      8.78  -7.26     2.58

SNOWFALL (IN)
  YESTERDAY        0.0
  MONTH TO DATE    0.0
  SINCE MAR 1      0.0
  SINCE JUL 1      0.0
  SNOW DEPTH       0

DEGREE DAYS
 HEATING
  YESTERDAY        2                         6     -4        7
  MONTH TO DATE  117                       171    -54      141
  SINCE MAR 1    241                       461   -220      309
  SINCE JUL 1   1115                      1869   -754     1481

 COOLING
  YESTERDAY        0                         0      0        0
  MONTH TO DATE    0                         0      0        2
  SINCE MAR 1     31                         1     30        4
  SINCE JAN 1     31                         1     30        4
..................................................................


WIND (MPH)
  RESULTANT WIND SPEED   4   RESULTANT WIND DIRECTION  SW (240)
  HIGHEST WIND SPEED    16   HIGHEST WIND DIRECTION     W (260)
  HIGHEST GUST SPEED    30   HIGHEST GUST DIRECTION     W (250)
  AVERAGE WIND SPEED     6.1


SKY COVER
  POSSIBLE SUNSHINE  MM
  AVERAGE SKY COVER 0.9


WEATHER CONDITIONS
 THE FOLLOWING WEATHER WAS RECORDED YESTERDAY.
  LIGHT RAIN


RELATIVE HUMIDITY (PERCENT)
 HIGHEST    84           400 PM
 LOWEST     60          1000 AM
 AVERAGE    72

..........................................................


THE OCEANSIDE AIRPORT CA CLIMATE NORMALS FOR TODAY
                         NORMAL    RECORD    YEAR
 MAXIMUM TEMPERATURE (F)   69        91      2004
 MINIMUM TEMPERATURE (F)   51         9      2011


SUNRISE AND SUNSET
APRIL 26 2015.........SUNRISE   607 AM PDT   SUNSET   728 PM PDT
APRIL 27 2015.........SUNRISE   606 AM PDT   SUNSET   729 PM PDT


-  INDICATES NEGATIVE NUMBERS.
R  INDICATES RECORD WAS SET OR TIED.
MM INDICATES DATA IS MISSING.
T  INDICATES TRACE AMOUNT.




$$
