000
CDUS44 KOUN 280631
CLIOKC

CLIMATE REPORT
NATIONAL WEATHER SERVICE NORMAN OK
129 AM CDT TUE APR 28 2015


...................................

...THE OKLAHOMA CITY CLIMATE SUMMARY FOR APRIL 27 2015...

CLIMATE NORMAL PERIOD 1981 TO 2010
CLIMATE RECORD PERIOD 1890 TO 2015


WEATHER ITEM   OBSERVED TIME   RECORD YEAR NORMAL DEPARTURE LAST
                VALUE   (LST)  VALUE       VALUE  FROM      YEAR
                                                  NORMAL
..................................................................
TEMPERATURE (F)
 YESTERDAY
  MAXIMUM         56    920 AM  91    1959  76    -20       84
  MINIMUM         49    906 PM  35    1920  54     -5       64
  AVERAGE         53                        64    -11       74

PRECIPITATION (IN)
  YESTERDAY        1.55          1.57 1897   0.12   1.43     0.15
  MONTH TO DATE    4.33                      2.67   1.66     1.00
  SINCE JAN 1      9.16                      8.70   0.46     2.69

SNOWFALL (IN)
  YESTERDAY        0.0           0.0    MM   0.0    0.0      0.0
  MONTH TO DATE    0.0                       0.0    0.0       T
  SINCE JUL 1     13.6                       7.6    6.0     10.2
  SNOW DEPTH       0

DEGREE DAYS
 HEATING
  YESTERDAY       12                         3      9        0
  MONTH TO DATE  104                       164    -60      138
  SINCE JUL 1   3235                      3323    -88     3740

 COOLING
  YESTERDAY        0                         3     -3        9
  MONTH TO DATE   52                        44      8       55
  SINCE JAN 1     62                        57      5       66
..................................................................


WIND (MPH)
  HIGHEST WIND SPEED    33   HIGHEST WIND DIRECTION    NE (50)
  HIGHEST GUST SPEED    44   HIGHEST GUST DIRECTION    NE (50)
  AVERAGE WIND SPEED    18.4


SKY COVER
  AVERAGE SKY COVER 1.0


WEATHER CONDITIONS
 THE FOLLOWING WEATHER WAS RECORDED YESTERDAY.
  THUNDERSTORM
  HEAVY RAIN
  RAIN
  LIGHT RAIN
  FOG


RELATIVE HUMIDITY (PERCENT)
 HIGHEST    93           500 PM
 LOWEST     77          1100 AM
 AVERAGE    85

..........................................................


THE OKLAHOMA CITY CLIMATE NORMALS FOR TODAY
                         NORMAL    RECORD    YEAR
 MAXIMUM TEMPERATURE (F)   76        93      1902
 MINIMUM TEMPERATURE (F)   54        35      2008


SUNRISE AND SUNSET
APRIL 28 2015.........SUNRISE   642 AM CDT   SUNSET   814 PM CDT
APRIL 29 2015.........SUNRISE   641 AM CDT   SUNSET   815 PM CDT


-  INDICATES NEGATIVE NUMBERS.
R  INDICATES RECORD WAS SET OR TIED.
MM INDICATES DATA IS MISSING.
T  INDICATES TRACE AMOUNT.




$$
