000
CDUS46 KSEW 010828
CLIOLM


CLIMATE REPORT
NATIONAL WEATHER SERVICE SEATTLE WA
128 AM PDT WED APR 1 2015


...................................

...THE OLYMPIA WA AIRPORT CLIMATE SUMMARY FOR MARCH 31 2015...

CLIMATE NORMAL PERIOD 1981 TO 2010
CLIMATE RECORD PERIOD 1948 TO 2015


WEATHER ITEM   OBSERVED TIME   RECORD YEAR NORMAL DEPARTURE LAST
                VALUE   (LST)  VALUE       VALUE  FROM      YEAR
                                                  NORMAL
..................................................................
TEMPERATURE (F)
 YESTERDAY
  MAXIMUM         53   1228 PM  73    1987  56     -3       61
  MINIMUM         41   1155 PM  23    1970  36      5       33
  AVERAGE         47                        46      1       47

PRECIPITATION (IN)
  YESTERDAY        0.28          1.09 1959   0.15   0.13     0.00
  MONTH TO DATE    5.94                      5.29   0.65     9.17
  SINCE OCT 1     36.93                     39.09  -2.16    31.05
  SINCE JAN 1     17.90                     18.40  -0.50    22.21

DEGREE DAYS
 HEATING
  YESTERDAY       18                        19     -1       18
  MONTH TO DATE  525                       636   -111      577
  SINCE MAR 1    525                       636   -111      577
  SINCE JUL 1   3560                      4358   -798     4360

 COOLING
  YESTERDAY        0                         0      0        0
  MONTH TO DATE    0                         0      0        0
  SINCE MAR 1      0                         0      0        0
  SINCE JAN 1      0                         0      0        0
..................................................................


WIND (MPH)
  RESULTANT WIND SPEED   7   RESULTANT WIND DIRECTION  SW (210)
  HIGHEST WIND SPEED    20   HIGHEST WIND DIRECTION     W (290)
  HIGHEST GUST SPEED    26   HIGHEST GUST DIRECTION     S (180)
  AVERAGE WIND SPEED     8.1


SKY COVER
  AVERAGE SKY COVER 0.4


WEATHER CONDITIONS
 THE FOLLOWING WEATHER WAS RECORDED YESTERDAY.
  LIGHT RAIN
  FOG


RELATIVE HUMIDITY (PERCENT)
 HIGHEST    89           600 AM
 LOWEST     59          1000 AM
 AVERAGE    74

..........................................................


THE OLYMPIA WA AIRPORT CLIMATE NORMALS FOR TODAY
                         NORMAL    RECORD    YEAR
 MAXIMUM TEMPERATURE (F)   56        77      1987
 MINIMUM TEMPERATURE (F)   37        23      1975


SUNRISE AND SUNSET
APRIL  1 2015.........SUNRISE   651 AM PDT   SUNSET   741 PM PDT
APRIL  2 2015.........SUNRISE   649 AM PDT   SUNSET   742 PM PDT


-  INDICATES NEGATIVE NUMBERS.
R  INDICATES RECORD WAS SET OR TIED.
MM INDICATES DATA IS MISSING.
T  INDICATES TRACE AMOUNT.




$$
