000
CDUS45 KBOI 280931
CLIONO


CLIMATE REPORT
NATIONAL WEATHER SERVICE BOISE ID
331 AM MDT TUE APR 28 2015


...................................

...THE ONTARIO OR CLIMATE SUMMARY FOR APRIL 27 2015...

CLIMATE NORMAL PERIOD 1981 TO 2010
CLIMATE RECORD PERIOD 1948 TO 2015


WEATHER ITEM   OBSERVED TIME   RECORD YEAR NORMAL DEPARTURE LAST
                VALUE   (LST)  VALUE       VALUE  FROM      YEAR
                                                  NORMAL
..................................................................
TEMPERATURE (F)
 YESTERDAY
  MAXIMUM         73    513 PM  93    1987  68      5       60
  MINIMUM         32    611 AM  26    2011  38     -6       34
  AVERAGE         53                        53      0       47

PRECIPITATION (IN)
  YESTERDAY        0.00          0.85 1990   0.03  -0.03     0.02
  MONTH TO DATE    0.50                      0.71  -0.21     1.13
  SINCE OCT 1      6.86                      7.11  -0.25     5.82
  SINCE JAN 1      2.40                      3.70  -1.30     4.31

DEGREE DAYS
 HEATING
  YESTERDAY       12                        12      0       18
  MONTH TO DATE  372                       407    -35      358
  SINCE MAR 1    895                      1077   -182      946
  SINCE JUL 1   4689                      5707  -1018     5702

 COOLING
  YESTERDAY        0                         0      0        0
  MONTH TO DATE    0                         0      0        0
  SINCE MAR 1      0                         0      0        0
  SINCE JAN 1      0                         0      0        0
..................................................................


WIND (MPH)
  HIGHEST WIND SPEED    12   HIGHEST WIND DIRECTION     N (350)
  HIGHEST GUST SPEED    13   HIGHEST GUST DIRECTION     N (340)
  AVERAGE WIND SPEED     3.3


SKY COVER
  AVERAGE SKY COVER 0.0


WEATHER CONDITIONS
 THE FOLLOWING WEATHER WAS RECORDED YESTERDAY.
  NO SIGNIFICANT WEATHER WAS OBSERVED.


RELATIVE HUMIDITY (PERCENT)
 HIGHEST    64           600 AM
 LOWEST     15           300 PM
 AVERAGE    40

..........................................................


THE ONTARIO OR CLIMATE NORMALS FOR TODAY
                         NORMAL    RECORD    YEAR
 MAXIMUM TEMPERATURE (F)   69        91      1987
 MINIMUM TEMPERATURE (F)   39        26      1996


SUNRISE AND SUNSET
APRIL 28 2015.........SUNRISE   644 AM MDT   SUNSET   848 PM MDT
APRIL 29 2015.........SUNRISE   643 AM MDT   SUNSET   849 PM MDT


-  INDICATES NEGATIVE NUMBERS.
R  INDICATES RECORD WAS SET OR TIED.
MM INDICATES DATA IS MISSING.
T  INDICATES TRACE AMOUNT.




$$
