000
CDUS41 KAKQ 010831
CLIORF


CLIMATE REPORT
NATIONAL WEATHER SERVICE WAKEFIELD, VA
431 AM EDT WED APR 1 2015


...................................

...THE NORFOLK VA CLIMATE SUMMARY FOR MARCH 31 2015...

CLIMATE NORMAL PERIOD 1981 TO 2010
CLIMATE RECORD PERIOD 1871 TO 2015


WEATHER ITEM   OBSERVED TIME   RECORD YEAR NORMAL DEPARTURE LAST
                VALUE   (LST)  VALUE       VALUE  FROM      YEAR
                                                  NORMAL
..................................................................
TEMPERATURE (F)
 YESTERDAY
  MAXIMUM         71    447 PM  85    1938  63      8       57
  MINIMUM         37    556 AM  26    1923  45     -8       44
  AVERAGE         54                        54      0       51

PRECIPITATION (IN)
  YESTERDAY        T             1.70 1935   0.11  -0.11     0.00
  MONTH TO DATE    2.69                      3.68  -0.99     3.82
  SINCE MAR 1      2.69                      3.68  -0.99     3.82
  SINCE JAN 1      8.87                     10.20  -1.33    10.11

SNOWFALL (IN)
  YESTERDAY        0.0           0.0  2002   0.0    0.0
                                      2001
  MONTH TO DATE    0.2                       0.2    0.0
  SINCE NOV 1     12.7                       5.8    6.9
  SINCE JUL 1     12.7                       5.8    6.9
  SNOW DEPTH       0

DEGREE DAYS
 HEATING
  YESTERDAY       11                        12     -1       14
  MONTH TO DATE  539                       493     46      574
  SINCE MAR 1    539                       492     47      574
  SINCE JUL 1   3375                      3061    314     3185

 COOLING
  YESTERDAY        0                         0      0        0
  MONTH TO DATE    2                         6     -4        1
  SINCE MAR 1      2                         6     -4        1
  SINCE JAN 1      2                         7     -5        1
..................................................................


WIND (MPH)
  HIGHEST WIND SPEED    33   HIGHEST WIND DIRECTION    SW (220)
  HIGHEST GUST SPEED    41   HIGHEST GUST DIRECTION    SW (210)
  AVERAGE WIND SPEED    12.9


SKY COVER
  POSSIBLE SUNSHINE  MM
  AVERAGE SKY COVER 0.1


WEATHER CONDITIONS
 THE FOLLOWING WEATHER WAS RECORDED YESTERDAY.
  NO SIGNIFICANT WEATHER WAS OBSERVED.


RELATIVE HUMIDITY (PERCENT)
 HIGHEST    85           500 AM
 LOWEST     22          1200 PM
 AVERAGE    54

..........................................................


THE NORFOLK VA CLIMATE NORMALS FOR TODAY
                         NORMAL    RECORD    YEAR
 MAXIMUM TEMPERATURE (F)   63        83      1978
 MINIMUM TEMPERATURE (F)   45        23      1923


SUNRISE AND SUNSET
APRIL  1 2015.........SUNRISE   651 AM EDT   SUNSET   727 PM EDT
APRIL  2 2015.........SUNRISE   650 AM EDT   SUNSET   728 PM EDT


-  INDICATES NEGATIVE NUMBERS.
R  INDICATES RECORD WAS SET OR TIED.
MM INDICATES DATA IS MISSING.
T  INDICATES TRACE AMOUNT.




$$
