000
CDUS41 KAKQ 040550
CLIORF


CLIMATE REPORT
NATIONAL WEATHER SERVICE WAKEFIELD, VA
150 AM EDT MON MAY 4 2015


...................................

...THE NORFOLK VA CLIMATE SUMMARY FOR MAY 3 2015...

CLIMATE NORMAL PERIOD 1981 TO 2010
CLIMATE RECORD PERIOD 1871 TO 2015


WEATHER ITEM   OBSERVED TIME   RECORD YEAR NORMAL DEPARTURE LAST
                VALUE   (LST)  VALUE       VALUE  FROM      YEAR
                                                  NORMAL
..................................................................
TEMPERATURE (F)
 YESTERDAY
  MAXIMUM         81    229 PM  92    1965  72      9       76
  MINIMUM         50    535 AM  39    1963  54     -4       55
  AVERAGE         66                        63      3       66

PRECIPITATION (IN)
  YESTERDAY        0.00          1.15 1972   0.11  -0.11     0.00
  MONTH TO DATE    0.50                      0.31   0.19     0.00
  SINCE MAR 1      7.81                      7.40   0.41     8.69
  SINCE JAN 1     13.99                     13.92   0.07    14.98

SNOWFALL (IN)
  YESTERDAY        0.0           0.0  2002   0.0    0.0
  MONTH TO DATE    0.0                       0.0    0.0
  SINCE NOV 1     12.7                       5.8    6.9
  SINCE JUL 1     12.7                       5.8    6.9
  SNOW DEPTH       0

DEGREE DAYS
 HEATING
  YESTERDAY        0                         4     -4        0
  MONTH TO DATE   18                        12      6        2
  SINCE MAR 1    751                       743      8      807
  SINCE JUL 1   3587                      3312    275     3418

 COOLING
  YESTERDAY        1                         2     -1        1
  MONTH TO DATE    1                         6     -5       11
  SINCE MAR 1     26                        49    -23       38
  SINCE JAN 1     26                        50    -24       38
..................................................................


WIND (MPH)
  HIGHEST WIND SPEED    12   HIGHEST WIND DIRECTION    SW (230)
  HIGHEST GUST SPEED    15   HIGHEST GUST DIRECTION     W (270)
  AVERAGE WIND SPEED     6.6


SKY COVER
  POSSIBLE SUNSHINE  MM
  AVERAGE SKY COVER 0.0


WEATHER CONDITIONS
 THE FOLLOWING WEATHER WAS RECORDED YESTERDAY.
  NO SIGNIFICANT WEATHER WAS OBSERVED.


RELATIVE HUMIDITY (PERCENT)
 HIGHEST    83          1200 AM
 LOWEST     20           200 PM
 AVERAGE    52

..........................................................


THE NORFOLK VA CLIMATE NORMALS FOR TODAY
                         NORMAL    RECORD    YEAR
 MAXIMUM TEMPERATURE (F)   72        92      1892
                                             1887
 MINIMUM TEMPERATURE (F)   54        42      1957


SUNRISE AND SUNSET
MAY  4 2015...........SUNRISE   608 AM EDT   SUNSET   756 PM EDT
MAY  5 2015...........SUNRISE   607 AM EDT   SUNSET   757 PM EDT


-  INDICATES NEGATIVE NUMBERS.
R  INDICATES RECORD WAS SET OR TIED.
MM INDICATES DATA IS MISSING.
T  INDICATES TRACE AMOUNT.




$$
