000
CDUS43 KDMX 190635 RRB
CLIOTM

CLIMATE REPORT
NATIONAL WEATHER SERVICE DES MOINES IA
129 AM CDT SUN APR 19 2015


...................................

...THE OTTUMWA IA CLIMATE SUMMARY FOR APRIL 18 2015...

CLIMATE NORMAL PERIOD 1981 TO 2010
CLIMATE RECORD PERIOD 1920 TO 2015


WEATHER ITEM   OBSERVED TIME   RECORD YEAR NORMAL DEPARTURE LAST
                VALUE   (LST)  VALUE       VALUE  FROM      YEAR
                                                  NORMAL
..................................................................
TEMPERATURE (F)
 YESTERDAY
  MAXIMUM         79    158 PM  87    1985  63     16       65
  MINIMUM         53    444 AM  19    1983  40     13       30
  AVERAGE         66                        52     14       48

PRECIPITATION (IN)
  YESTERDAY        0.10          1.26 1927   0.12  -0.02     0.00
  MONTH TO DATE    1.00                      1.84  -0.84     1.82
  SINCE MAR 1      1.46                      4.08  -2.62     2.84
  SINCE JAN 1      2.62                      6.26  -3.64     5.65

DEGREE DAYS
 HEATING
  YESTERDAY        0                        14    -14       17
  MONTH TO DATE  182                       299   -117      336
  SINCE MAR 1    949                      1110   -161     1315
  SINCE JUL 1   6080                      5995     85     6828

 COOLING
  YESTERDAY        1                         0      1        0
  MONTH TO DATE    1                         0      1        5
  SINCE MAR 1      1                         1      0        5
  SINCE JAN 1      1                         1      0        5
..................................................................


WIND (MPH)
  HIGHEST WIND SPEED    26   HIGHEST WIND DIRECTION    SW (210)
  HIGHEST GUST SPEED    37   HIGHEST GUST DIRECTION     S (200)
  AVERAGE WIND SPEED     9.3


SKY COVER
  POSSIBLE SUNSHINE  MM
  AVERAGE SKY COVER 0.4


WEATHER CONDITIONS
 THE FOLLOWING WEATHER WAS RECORDED YESTERDAY.
  THUNDERSTORM
  RAIN
  LIGHT RAIN
  FOG


RELATIVE HUMIDITY (PERCENT)
 HIGHEST   100           800 PM
 LOWEST     42           200 PM
 AVERAGE    71

..........................................................


THE OTTUMWA IA CLIMATE NORMALS FOR TODAY
                         NORMAL    RECORD    YEAR
 MAXIMUM TEMPERATURE (F)   64        85      1985
 MINIMUM TEMPERATURE (F)   41        26      1949


SUNRISE AND SUNSET
APRIL 19 2015.........SUNRISE   625 AM CDT   SUNSET   754 PM CDT
APRIL 20 2015.........SUNRISE   623 AM CDT   SUNSET   755 PM CDT


-  INDICATES NEGATIVE NUMBERS.
R  INDICATES RECORD WAS SET OR TIED.
MM INDICATES DATA IS MISSING.
T  INDICATES TRACE AMOUNT.




$$
