000
CDUS43 KDDC 261006
CLIP28


CLIMATE REPORT
NATIONAL WEATHER SERVICE DODGE CITY KS
505 AM CDT SUN APR 26 2015


...................................

...THE MEDICINE LODGE KS CLIMATE SUMMARY FOR APRIL 25 2015...

CLIMATE NORMAL PERIOD 1981 TO 2010
CLIMATE RECORD PERIOD 1893 TO 2015


WEATHER ITEM   OBSERVED TIME   RECORD YEAR NORMAL DEPARTURE LAST
                VALUE   (LST)  VALUE       VALUE  FROM      YEAR
                                                  NORMAL
..................................................................
TEMPERATURE (F)
 YESTERDAY
  MAXIMUM         81    417 PM  96    2012  72      9       84
  MINIMUM         52    513 AM  29    1910  47      5       41
  AVERAGE         67                        59      8       63

PRECIPITATION (IN)
  YESTERDAY        0.00          1.55 1965   0.09  -0.09     0.00
  MONTH TO DATE    3.23                      1.93   1.30     0.63
  SINCE MAR 1      3.61                      4.19  -0.58     1.12
  SINCE JAN 1      4.92                      5.94  -1.02     2.07

SNOWFALL (IN)
  YESTERDAY        0.0          MM      MM   0.0             0.0
  MONTH TO DATE    0.0                       0.0             1.5
  SINCE MAR 1      0.3                       0.1             5.5
  SINCE JUL 1     13.2                       8.5            28.5
  SNOW DEPTH       0

DEGREE DAYS
 HEATING
  YESTERDAY        0                         7     -7        2
  MONTH TO DATE  141                       260   -119      228
  SINCE MAR 1    601                       828   -227      952
  SINCE JUL 1   4175                      4357   -182     4903

 COOLING
  YESTERDAY        2                         1      1        0
  MONTH TO DATE   32                        17     15       20
  SINCE MAR 1     32                        19     13       20
  SINCE JAN 1     32                        19     13       20
..................................................................


WIND (MPH)
  HIGHEST WIND SPEED    20   HIGHEST WIND DIRECTION    NE (60)
  HIGHEST GUST SPEED    25   HIGHEST GUST DIRECTION    NE (60)
  AVERAGE WIND SPEED    10.4




RELATIVE HUMIDITY (PERCENT)
 HIGHEST    86          1200 AM
 LOWEST     32           200 PM
 AVERAGE    59

..........................................................


THE MEDICINE LODGE KS CLIMATE NORMALS FOR TODAY
                         NORMAL    RECORD    YEAR
 MAXIMUM TEMPERATURE (F)   72        97      1899
                                             1956
 MINIMUM TEMPERATURE (F)   48        26      1907


SUNRISE AND SUNSET
APRIL 26 2015.........SUNRISE   646 AM CDT   SUNSET   819 PM CDT
APRIL 27 2015.........SUNRISE   644 AM CDT   SUNSET   820 PM CDT


-  INDICATES NEGATIVE NUMBERS.
R  INDICATES RECORD WAS SET OR TIED.
MM INDICATES DATA IS MISSING.
T  INDICATES TRACE AMOUNT.




$$
