000
CDUS45 KLKN 260033
CLIP68


CLIMATE REPORT
NATIONAL WEATHER SERVICE ELKO NV
533 PM PDT SAT APR 25 2015


...................................

...THE EUREKA AIRPORT NV CLIMATE SUMMARY FOR APRIL 25 2015...
VALID TODAY AS OF 0500 PM LOCAL TIME.

CLIMATE NORMAL PERIOD 1981 TO 2010
CLIMATE RECORD PERIOD 1963 TO 2015


WEATHER ITEM   OBSERVED TIME   RECORD YEAR NORMAL DEPARTURE LAST
                VALUE   (LST)  VALUE       VALUE  FROM      YEAR
                                                  NORMAL
..................................................................
TEMPERATURE (F)
 TODAY
  MAXIMUM         49    338 PM  77    1987  62    -13       51
  MINIMUM         29    334 AM  15    1964  30     -1       33
  AVERAGE         39                        46     -7       42

PRECIPITATION (IN)
  TODAY            0.03          0.89 2014   0.04  -0.01     0.89
  MONTH TO DATE    0.29                      0.80  -0.51     1.08
  SINCE OCT 1      2.31                      5.46  -3.15     5.82
  SINCE JAN 1      1.19                      3.33  -2.14     3.42

DEGREE DAYS
 HEATING
  TODAY           26                        19      7       23
  MONTH TO DATE  558                       557      1      470
  SINCE MAR 1   1198                      1428   -230     1248
  SINCE JUL 1   5241                      6713  -1472     6052

 COOLING
  TODAY            0                         0      0        0
  MONTH TO DATE    0                         0      0        0
  SINCE MAR 1      0                         0      0        0
  SINCE JAN 1      0                         0      0        0
..................................................................


WIND (MPH)
  HIGHEST WIND SPEED    24   HIGHEST WIND DIRECTION     S (170)
  HIGHEST GUST SPEED    35   HIGHEST GUST DIRECTION    SW (240)




RELATIVE HUMIDITY (PERCENT)
 HIGHEST    85           200 AM
 LOWEST     53           700 AM
 AVERAGE    69

..........................................................


THE EUREKA AIRPORT NV CLIMATE NORMALS FOR TOMORROW
                         NORMAL    RECORD    YEAR
 MAXIMUM TEMPERATURE (F)   62        79      2000
 MINIMUM TEMPERATURE (F)   30        11      1985


SUNRISE AND SUNSET
APRIL 25 2015.........SUNRISE   553 AM PDT   SUNSET   731 PM PDT
APRIL 26 2015.........SUNRISE   551 AM PDT   SUNSET   732 PM PDT


-  INDICATES NEGATIVE NUMBERS.
R  INDICATES RECORD WAS SET OR TIED.
MM INDICATES DATA IS MISSING.
T  INDICATES TRACE AMOUNT.




$$
