000
CDUS44 KLZK 210904
CLIPBF


CLIMATE REPORT
NATIONAL WEATHER SERVICE LITTLE ROCK AR
404 AM CDT TUE APR 21 2015


...................................

...THE PINE BLUFF CLIMATE SUMMARY FOR APRIL 20 2015...

CLIMATE NORMAL PERIOD 1981 TO 2010
CLIMATE RECORD PERIOD 1883 TO 2015


WEATHER ITEM   OBSERVED TIME   RECORD YEAR NORMAL DEPARTURE LAST
                VALUE   (LST)  VALUE       VALUE  FROM      YEAR
                                                  NORMAL
..................................................................
TEMPERATURE (F)
 YESTERDAY
  MAXIMUM         69    427 PM  94    1987  75     -6       81
  MINIMUM         53   1156 PM  36    1910  53      0       52
  AVERAGE         61                        64     -3       67

PRECIPITATION (IN)
  YESTERDAY        0.00          2.44 2011   0.16  -0.16     0.00
  MONTH TO DATE    4.87                      3.27   1.60     3.55
  SINCE MAR 1     12.91                      8.67   4.24     8.01
  SINCE JAN 1     19.84                     16.49   3.35    13.44

SNOWFALL (IN)
  YESTERDAY        0.0           T    1983   0.0    0.0      0.0
  MONTH TO DATE    0.0                       0.0    0.0      0.0
  SINCE MAR 1      2.0                       0.0    2.0       T
  SINCE JUL 1      9.2                       3.1    6.1      3.7
  SNOW DEPTH       0

DEGREE DAYS
 HEATING
  YESTERDAY        4                         3      1        0
  MONTH TO DATE   44                       105    -61      138
  SINCE MAR 1    459                       452      7      622
  SINCE JUL 1   3193                      2840    353     3391

 COOLING
  YESTERDAY        0                         2     -2        2
  MONTH TO DATE   67                        34     33       24
  SINCE MAR 1     77                        51     26       24
  SINCE JAN 1     77                        54     23       24
..................................................................


WIND (MPH)
  HIGHEST WIND SPEED    21   HIGHEST WIND DIRECTION    NW (300)
  HIGHEST GUST SPEED    28   HIGHEST GUST DIRECTION     W (270)
  AVERAGE WIND SPEED    10.0


SKY COVER
  POSSIBLE SUNSHINE  MM
  AVERAGE SKY COVER 0.1


WEATHER CONDITIONS
 THE FOLLOWING WEATHER WAS RECORDED YESTERDAY.
  NO SIGNIFICANT WEATHER WAS OBSERVED.


RELATIVE HUMIDITY (PERCENT)
 HIGHEST    89           400 AM
 LOWEST     26           300 PM
 AVERAGE    58

..........................................................


THE PINE BLUFF CLIMATE NORMALS FOR TODAY
                         NORMAL    RECORD    YEAR
 MAXIMUM TEMPERATURE (F)   76        93      1925
 MINIMUM TEMPERATURE (F)   53        38      1953


SUNRISE AND SUNSET
APRIL 21 2015.........SUNRISE   630 AM CDT   SUNSET   744 PM CDT
APRIL 22 2015.........SUNRISE   628 AM CDT   SUNSET   745 PM CDT


-  INDICATES NEGATIVE NUMBERS.
R  INDICATES RECORD WAS SET OR TIED.
MM INDICATES DATA IS MISSING.
T  INDICATES TRACE AMOUNT.




$$
