000
CDUS46 KPDT 050833
CLIPDT

CLIMATE REPORT
NATIONAL WEATHER SERVICE PENDLETON OR
133 AM PDT TUE MAY 5 2015


...................................

...THE PENDLETON OR CLIMATE SUMMARY FOR MAY 4 2015...

CLIMATE NORMAL PERIOD 1981 TO 2010
CLIMATE RECORD PERIOD 1890 TO 2015


WEATHER ITEM   OBSERVED TIME   RECORD YEAR NORMAL DEPARTURE LAST
                VALUE   (LST)  VALUE       VALUE  FROM      YEAR
                                                  NORMAL
..................................................................
TEMPERATURE (F)
 YESTERDAY
  MAXIMUM         77    245 PM  92    1966  67     10       65
  MINIMUM         40    402 AM  22    1897  43     -3       45
  AVERAGE         59                        55      4       55

PRECIPITATION (IN)
  YESTERDAY        0.00          0.68 1910   0.04  -0.04     0.11
  MONTH TO DATE    0.00                      0.16  -0.16     0.11
  SINCE OCT 1      7.83                      9.22  -1.39     7.54
  SINCE JAN 1      3.13                      5.22  -2.09     5.75

SNOWFALL (IN)
  YESTERDAY        0.0           0.0  2002   0.0    0.0      0.0
                                      2001
                                      2000
  MONTH TO DATE    0.0                       0.0    0.0      0.0
  SINCE JAN 1      0.4                       7.7   -7.3     15.2
  SINCE JUL 1      7.2                      15.2   -8.0     21.7
  SNOW DEPTH       0

DEGREE DAYS
 HEATING
  YESTERDAY        6                        11     -5       10
  MONTH TO DATE   28                        44    -16       15
  SINCE MAR 1    974                      1092   -118     1028
  SINCE JUL 1   4467                      4991   -524     5293

 COOLING
  YESTERDAY        0                         0      0        0
  MONTH TO DATE    0                         0      0        3
  SINCE MAR 1      0                         1     -1        3
  SINCE JAN 1      0                         1     -1        3
..................................................................


WIND (MPH)
  HIGHEST WIND SPEED    28   HIGHEST WIND DIRECTION     W (260)
  HIGHEST GUST SPEED    37   HIGHEST GUST DIRECTION     W (260)
  AVERAGE WIND SPEED    11.5


SKY COVER
  POSSIBLE SUNSHINE  MM
  AVERAGE SKY COVER 0.0


WEATHER CONDITIONS
 THE FOLLOWING WEATHER WAS RECORDED YESTERDAY.
  HAZE


RELATIVE HUMIDITY (PERCENT)
 HIGHEST    70           200 AM
 LOWEST     19           600 PM
 AVERAGE    45

..........................................................


THE PENDLETON OR CLIMATE NORMALS FOR TODAY
                         NORMAL    RECORD    YEAR
 MAXIMUM TEMPERATURE (F)   67        96      1966
 MINIMUM TEMPERATURE (F)   43        29      1904


SUNRISE AND SUNSET
MAY  5 2015...........SUNRISE   537 AM PDT   SUNSET   807 PM PDT
MAY  6 2015...........SUNRISE   536 AM PDT   SUNSET   809 PM PDT


-  INDICATES NEGATIVE NUMBERS.
R  INDICATES RECORD WAS SET OR TIED.
MM INDICATES DATA IS MISSING.
T  INDICATES TRACE AMOUNT.




$$
