000
CDUS41 KPBZ 252136
CLIPHD


CLIMATE REPORT
NATIONAL WEATHER SERVICE PITTSBURGH PA
535 PM EDT SAT APR 25 2015


...................................

...THE NEW PHILADELPHIA OH CLIMATE SUMMARY FOR APRIL 25 2015...
VALID TODAY AS OF 0500 PM LOCAL TIME.

CLIMATE NORMAL PERIOD 1981 TO 2010
CLIMATE RECORD PERIOD 1946 TO 2015


WEATHER ITEM   OBSERVED TIME   RECORD YEAR NORMAL DEPARTURE LAST
                VALUE   (LST)  VALUE       VALUE  FROM      YEAR
                                                  NORMAL
..................................................................
TEMPERATURE (F)
 TODAY
  MAXIMUM         56    223 PM  83    1990  66    -10       58
  MINIMUM         41    729 AM  27    1995  41      0       40
  AVERAGE         49                        54     -5       49

PRECIPITATION (IN)
  TODAY            T            MM      MM   0.12  -0.12     0.30
  MONTH TO DATE    3.64                      2.78   0.86     3.03
  SINCE JUN 1     34.95                     34.08   0.87    33.37
  SINCE JAN 1     10.22                     10.78  -0.56     8.73

DEGREE DAYS
 HEATING
  TODAY           16                        11      5       16
  MONTH TO DATE  260                       377   -117      360
  SINCE MAR 1   1115                      1156    -41     1323
  SINCE JUL 1   5733                      5363    370     5956

 COOLING
  TODAY            0                         0      0        0
  MONTH TO DATE    3                         0      3        1
  SINCE MAR 1      3                         1      2        1
  SINCE JAN 1      3                         1      2        1
..................................................................


WIND (MPH)
  HIGHEST WIND SPEED    13   HIGHEST WIND DIRECTION     E (100)
  HIGHEST GUST SPEED    16   HIGHEST GUST DIRECTION     E (100)
  AVERAGE WIND SPEED     6.4


SKY COVER
  POSSIBLE SUNSHINE  MM
  AVERAGE SKY COVER 0.9


WEATHER CONDITIONS
 THE FOLLOWING WEATHER WAS RECORDED TODAY.
  NO SIGNIFICANT WEATHER WAS OBSERVED.


RELATIVE HUMIDITY (PERCENT)
 HIGHEST    73           700 AM
 LOWEST     37           100 AM
 AVERAGE    55

..........................................................


THE NEW PHILADELPHIA OH CLIMATE NORMALS FOR TOMORROW
                         NORMAL    RECORD    YEAR
 MAXIMUM TEMPERATURE (F)   67        87      1990
 MINIMUM TEMPERATURE (F)   42        27      1972


SUNRISE AND SUNSET
APRIL 25 2015.........SUNRISE   633 AM EDT   SUNSET   815 PM EDT
APRIL 26 2015.........SUNRISE   632 AM EDT   SUNSET   816 PM EDT


-  INDICATES NEGATIVE NUMBERS.
R  INDICATES RECORD WAS SET OR TIED.
MM INDICATES DATA IS MISSING.
T  INDICATES TRACE AMOUNT.




$$
