000
CDUS41 KPHI 242135
CLIPHL


CLIMATE REPORT
NATIONAL WEATHER SERVICE MOUNT HOLLY NJ
533 PM EDT FRI APR 24 2015


...................................

...THE PHILADELPHIA PA CLIMATE SUMMARY FOR APRIL 24 2015...
VALID TODAY AS OF 0500 PM LOCAL TIME.

CLIMATE NORMAL PERIOD 1981 TO 2010
CLIMATE RECORD PERIOD 1872 TO 2015


WEATHER ITEM   OBSERVED TIME   RECORD YEAR NORMAL DEPARTURE LAST
                VALUE   (LST)  VALUE       VALUE  FROM      YEAR
                                                  NORMAL
..................................................................
TEMPERATURE (F)
 TODAY
  MAXIMUM         57    355 PM  86    2001  67    -10       64
                                      1960
  MINIMUM         39    604 AM  33    1930  47     -8       41
  AVERAGE         48                        57     -9       53

PRECIPITATION (IN)
  TODAY            0.00          1.80 1966   0.11  -0.11     0.00
  MONTH TO DATE    3.58                      2.89   0.69     1.38
  SINCE MAR 1      9.10                      6.68   2.42     5.61
  SINCE JAN 1     15.98                     12.36   3.62    14.28

SNOWFALL (IN)
  TODAY            0.0           T    1956   0.0    0.0      0.0
                                      1927
  MONTH TO DATE    0.0                       0.5   -0.5       T
  SINCE MAR 1     12.0                       3.4    8.6      8.5
  SINCE JUL 1     27.0                      22.4    4.6     68.0
  SNOW DEPTH       0

DEGREE DAYS
 HEATING
  TODAY           17                         9      8       12
  MONTH TO DATE  239                       298    -59      276
  SINCE MAR 1   1032                       963     69     1077
  SINCE JUL 1   4685                      4445    240     4733

 COOLING
  TODAY            0                         1     -1        0
  MONTH TO DATE    3                         6     -3        9
  SINCE MAR 1      3                         7     -4        9
  SINCE JAN 1      3                         7     -4        9
..................................................................


WIND (MPH)
  HIGHEST WIND SPEED    28   HIGHEST WIND DIRECTION     W (280)
  HIGHEST GUST SPEED    37   HIGHEST GUST DIRECTION    NW (330)
  AVERAGE WIND SPEED    17.9


SKY COVER
  POSSIBLE SUNSHINE  MM
  AVERAGE SKY COVER 0.6


WEATHER CONDITIONS
 THE FOLLOWING WEATHER WAS RECORDED TODAY.
  NO SIGNIFICANT WEATHER WAS OBSERVED.


RELATIVE HUMIDITY (PERCENT)
 HIGHEST    44           400 AM
 LOWEST     19           300 PM
 AVERAGE    32

..........................................................


THE PHILADELPHIA PA CLIMATE NORMALS FOR TOMORROW
                         NORMAL    RECORD    YEAR
 MAXIMUM TEMPERATURE (F)   67        92      1960
 MINIMUM TEMPERATURE (F)   47        33      1956
                                             1888


SUNRISE AND SUNSET
APRIL 24 2015.........SUNRISE   611 AM EDT   SUNSET   748 PM EDT
APRIL 25 2015.........SUNRISE   609 AM EDT   SUNSET   749 PM EDT


-  INDICATES NEGATIVE NUMBERS.
R  INDICATES RECORD WAS SET OR TIED.
MM INDICATES DATA IS MISSING.
T  INDICATES TRACE AMOUNT.




$$
