000
CDUS43 KUNR 260832
CLIPHP


CLIMATE REPORT
NATIONAL WEATHER SERVICE RAPID CITY SD
231 AM MDT SUN APR 26 2015


...................................

...THE PHILIP SD CLIMATE SUMMARY FOR APRIL 25 2015...

CLIMATE NORMAL PERIOD 1981 TO 2010
CLIMATE RECORD PERIOD 9999 TO 9999


WEATHER ITEM   OBSERVED TIME   NORMAL DEPARTURE LAST
                VALUE   (LST)  VALUE  FROM      YEAR
                                      NORMAL
......................................................
TEMPERATURE (F)
 YESTERDAY
  MAXIMUM         59    555 PM  64     -5       73
  MINIMUM         46    614 AM  36     10       31
  AVERAGE         53            50      3       52

PRECIPITATION (IN)
  YESTERDAY        T             0.08  -0.08     0.00
  MONTH TO DATE    0.33          1.39  -1.06     0.54
  SINCE MAR 1      0.42          2.66  -2.24     1.08
  SINCE JAN 1      0.53          3.44  -2.91     1.56

DEGREE DAYS
 HEATING
  YESTERDAY       12            15     -3       13
  MONTH TO DATE  451           491    -40      469
  SINCE MAR 1   1181          1429   -248     1459
  SINCE JUL 1   6321          6794   -473     7062

 COOLING
  YESTERDAY        0             0      0        0
  MONTH TO DATE    0             0      0        0
  SINCE MAR 1      3             0      3        0
  SINCE JAN 1      3             0      3        0
......................................................


WIND (MPH)
  HIGHEST WIND SPEED    17   HIGHEST WIND DIRECTION     E (100)
  HIGHEST GUST SPEED    22   HIGHEST GUST DIRECTION    SE (120)
  AVERAGE WIND SPEED    10.5


SKY COVER
  AVERAGE SKY COVER 1.0


WEATHER CONDITIONS
 THE FOLLOWING WEATHER WAS RECORDED YESTERDAY.
  LIGHT RAIN
  FOG


RELATIVE HUMIDITY (PERCENT)
 HIGHEST   100           700 AM
 LOWEST     67           500 PM
 AVERAGE    84

..........................................................




SUNRISE AND SUNSET
APRIL 26 2015.........SUNRISE   546 AM MDT   SUNSET   744 PM MDT
APRIL 27 2015.........SUNRISE   544 AM MDT   SUNSET   745 PM MDT


-  INDICATES NEGATIVE NUMBERS.
R  INDICATES RECORD WAS SET OR TIED.
MM INDICATES DATA IS MISSING.
T  INDICATES TRACE AMOUNT.




$$
