000
CDUS45 KPSR 270013 RRA
CLIPHX

CLIMATE REPORT
NATIONAL WEATHER SERVICE PHOENIX AZ
512 PM MST SUN APR 26 2015


...................................

...THE PHOENIX AZ CLIMATE SUMMARY FOR APRIL 26 2015...
VALID TODAY AS OF 0500 PM LOCAL TIME.

CLIMATE NORMAL PERIOD 1981 TO 2010
CLIMATE RECORD PERIOD 1895 TO 2015


WEATHER ITEM   OBSERVED TIME   RECORD YEAR NORMAL DEPARTURE LAST
                VALUE   (LST)  VALUE       VALUE  FROM      YEAR
                                                  NORMAL
..................................................................
TEMPERATURE (F)
 TODAY
  MAXIMUM         75    342 PM 101    1992  88    -13       76
                                      1898
  MINIMUM         54    543 AM  42    1964  63     -9       59
  AVERAGE         65                        76    -11       68

PRECIPITATION (IN)
  TODAY            0.14          0.20 1951   0.00   0.14      T
  MONTH TO DATE    0.18                      0.26  -0.08      T
  SINCE OCT 1      2.37                      5.19  -2.82     3.81
  SINCE JAN 1      1.33                      3.08  -1.75     0.99

SNOWFALL (IN)
  TODAY            0.0
  MONTH TO DATE    0.0
  SINCE JAN 1      0.0
  SINCE JUL 1      0.0
  SNOW DEPTH       0

DEGREE DAYS
 HEATING
  TODAY            0                         0      0        0
  MONTH TO DATE    0                        17    -17        5
  SINCE MAR 1     25                        98    -73       12
  SINCE JUL 1    520                       931   -411      546

 COOLING
  TODAY            0                        11    -11        3
  MONTH TO DATE  225                       204     21      269
  SINCE MAR 1    480                       291    189      406
  SINCE JAN 1    528                       308    220      468
..................................................................


WIND (MPH)
  HIGHEST WIND SPEED    24   HIGHEST WIND DIRECTION     N (340)
  HIGHEST GUST SPEED    30   HIGHEST GUST DIRECTION     N (360)
  AVERAGE WIND SPEED     7.2


SKY COVER
  AVERAGE SKY COVER 0.7


WEATHER CONDITIONS
 THE FOLLOWING WEATHER WAS RECORDED TODAY.
  LIGHT RAIN


RELATIVE HUMIDITY (PERCENT)
 HIGHEST    83           600 AM
 LOWEST     29           400 PM
 AVERAGE    56

..........................................................


THE PHOENIX AZ CLIMATE NORMALS FOR TOMORROW
                         NORMAL    RECORD    YEAR
 MAXIMUM TEMPERATURE (F)   89       104      1992
 MINIMUM TEMPERATURE (F)   64        45      1975
                                             1971
                                             1969


SUNRISE AND SUNSET
APRIL 26 2015.........SUNRISE   545 AM MST   SUNSET   707 PM MST
APRIL 27 2015.........SUNRISE   544 AM MST   SUNSET   708 PM MST


-  INDICATES NEGATIVE NUMBERS.
R  INDICATES RECORD WAS SET OR TIED.
MM INDICATES DATA IS MISSING.
T  INDICATES TRACE AMOUNT.

$$
