000
CDUS41 KPBZ 202122
CLIPIT

CLIMATE REPORT
NATIONAL WEATHER SERVICE PITTSBURGH PA
522 PM EDT MON APR 20 2015

...................................

...THE PITTSBURGH PA CLIMATE SUMMARY FOR APRIL 20 2015...
VALID TODAY AS OF 0500 PM LOCAL TIME.

CLIMATE NORMAL PERIOD 1981 TO 2010
CLIMATE RECORD PERIOD 1871 TO 2015

WEATHER ITEM   OBSERVED TIME   RECORD YEAR NORMAL DEPARTURE LAST
                VALUE   (LST)  VALUE       VALUE  FROM      YEAR
                                                  NORMAL
..................................................................
TEMPERATURE (F)
 TODAY
  MAXIMUM         74    244 PM  86    1941  64     10       73
  MINIMUM         52    442 AM  25    1997  42     10       42
                                      1926
                                      1904
  AVERAGE         63                        53     10       58

PRECIPITATION (IN)
  TODAY            0.06          2.24 1901   0.10  -0.04     0.00
  MONTH TO DATE    2.97                      2.08   0.89     2.40
  SINCE JUN 1     32.53                     33.21  -0.68    33.01
  SINCE JAN 1     10.78                     10.12   0.66     8.70

SNOWFALL (IN)
  TODAY            0.0           0.9  1953   0.1   -0.1      0.0
  MONTH TO DATE    0.0                       1.4   -1.4      0.1
  SINCE OCT 1     47.2                      41.8    5.4     63.4
  SINCE JUL 1     47.2                      41.8    5.4     63.4
  SNOW DEPTH       0

DEGREE DAYS
 HEATING
  TODAY            2                        13    -11        7
  MONTH TO DATE  175                       319   -144      264
  SINCE MAR 1   1073                      1107    -34     1204
  SINCE JUL 1   5741                      5364    377     5735

 COOLING
  TODAY            0                         0      0        0
  MONTH TO DATE    1                         0      1       10
  SINCE MAR 1      1                         1      0       10
  SINCE JAN 1      1                         1      0       10
..................................................................

WIND (MPH)
  HIGHEST WIND SPEED    29   HIGHEST WIND DIRECTION    SW (210)
  HIGHEST GUST SPEED    39   HIGHEST GUST DIRECTION    SW (240)
  AVERAGE WIND SPEED    13.5


SKY COVER
  POSSIBLE SUNSHINE  MM
  AVERAGE SKY COVER 0.8


WEATHER CONDITIONS
 THE FOLLOWING WEATHER WAS RECORDED TODAY.
  LIGHT RAIN
  FOG


RELATIVE HUMIDITY (PERCENT)
 HIGHEST    93           600 AM
 LOWEST     35           300 PM
 AVERAGE    64

..........................................................


THE PITTSBURGH PA CLIMATE NORMALS FOR TOMORROW
                         NORMAL    RECORD    YEAR
 MAXIMUM TEMPERATURE (F)   64        85      1985
 MINIMUM TEMPERATURE (F)   42        22      1875


SUNRISE AND SUNSET
APRIL 20 2015.........SUNRISE   635 AM EDT   SUNSET   805 PM EDT
APRIL 21 2015.........SUNRISE   634 AM EDT   SUNSET   806 PM EDT


-  INDICATES NEGATIVE NUMBERS.
R  INDICATES RECORD WAS SET OR TIED.
MM INDICATES DATA IS MISSING.
T  INDICATES TRACE AMOUNT.

&&

SNOW DEPTH IS MEASURED AT 7 AM EST OR 8 AM EDT.

$$
