000
CDUS41 KRLX 060719
CLIPKB

CLIMATE REPORT
NATIONAL WEATHER SERVICE CHARLESTON WV
317 AM EDT WED MAY 6 2015


...................................

...THE PARKERSBURG WV CLIMATE SUMMARY FOR MAY 5 2015...

CLIMATE NORMAL PERIOD 1981 TO 2010
CLIMATE RECORD PERIOD 1889 TO 2015


WEATHER ITEM   OBSERVED TIME   RECORD YEAR NORMAL DEPARTURE LAST
                VALUE   (LST)  VALUE       VALUE  FROM      YEAR
                                                  NORMAL
..................................................................
TEMPERATURE (F)
 YESTERDAY
  MAXIMUM         82    526 PM  94    1895  72     10       MM
  MINIMUM         59    607 AM  29    1973  47     12       MM
  AVERAGE         71                        60     11       MM

PRECIPITATION (IN)
  YESTERDAY        T             1.11 2003   0.14  -0.14    MM
  MONTH TO DATE    0.01                      0.63  -0.62    MM
  SINCE JAN 1     16.27                     13.28   2.99    MM

SNOWFALL (IN)
  YESTERDAY        0.0
  MONTH TO DATE    0.0
  SINCE SEP 1      0.0
  SINCE JUL 1      0.0
  SNOW DEPTH       0

DEGREE DAYS
 HEATING
  YESTERDAY        0                         6     -6       MM
  MONTH TO DATE   16                        34    -18       MM
  SINCE MAR 1   1065                      1050     15      858
  SINCE JUL 1   5283                      4840    443     4621

 COOLING
  YESTERDAY        6                         1      5       MM
  MONTH TO DATE    6                         5      1       MM
  SINCE MAR 1     18                        26     -8        5
  SINCE JAN 1     18                        26     -8        5
..................................................................


WIND (MPH)
  HIGHEST WIND SPEED    14   HIGHEST WIND DIRECTION     W (250)
  HIGHEST GUST SPEED    21   HIGHEST GUST DIRECTION     W (260)
  AVERAGE WIND SPEED     1.2


SKY COVER
  POSSIBLE SUNSHINE  MM
  AVERAGE SKY COVER 0.5


WEATHER CONDITIONS
 THE FOLLOWING WEATHER WAS RECORDED YESTERDAY.
  FOG


RELATIVE HUMIDITY (PERCENT)
 HIGHEST    93          1100 PM
 LOWEST     42           500 PM
 AVERAGE    68

..........................................................


THE PARKERSBURG WV CLIMATE NORMALS FOR TODAY
                         NORMAL    RECORD    YEAR
 MAXIMUM TEMPERATURE (F)   72        93      1959
 MINIMUM TEMPERATURE (F)   48        33      1973


SUNRISE AND SUNSET
MAY  6 2015...........SUNRISE   621 AM EDT   SUNSET   824 PM EDT
MAY  7 2015...........SUNRISE   620 AM EDT   SUNSET   825 PM EDT


-  INDICATES NEGATIVE NUMBERS.
R  INDICATES RECORD WAS SET OR TIED.
MM INDICATES DATA IS MISSING.
T  INDICATES TRACE AMOUNT.




$$
