000
CDUS46 KLOX 280115
CLIPRB


CLIMATE REPORT
NATIONAL WEATHER SERVICE LOS ANGELES/OXNARD CA
614 PM PDT MON APR 27 2015


...................................

...THE PASO ROBLES AIRPORT CA CLIMATE SUMMARY FOR APRIL 27 2015...
VALID TODAY AS OF 0600 PM LOCAL TIME.

CLIMATE NORMAL PERIOD 1981 TO 2010
CLIMATE RECORD PERIOD 1948 TO 2015


WEATHER ITEM   OBSERVED TIME   RECORD YEAR NORMAL DEPARTURE LAST
                VALUE   (LST)  VALUE       VALUE  FROM      YEAR
                                                  NORMAL
..................................................................
TEMPERATURE (F)
 TODAY
  MAXIMUM         88    346 PM  99    2004  76     12       76
  MINIMUM         43    541 AM  30    1984  43      0       41
  AVERAGE         66                        59      7       59

PRECIPITATION (IN)
  TODAY            0.00          0.87 1953   0.02  -0.02     0.00
  MONTH TO DATE    0.43                      0.64  -0.21     0.34
  SINCE OCT 1      8.48                     12.13  -3.65     4.92
  SINCE JAN 1      2.76                      8.47  -5.71     4.46

SNOWFALL (IN)
  TODAY            0.0
  MONTH TO DATE    0.0
  SINCE MAR 1      0.0
  SINCE JUL 1      0.0

DEGREE DAYS
 HEATING
  TODAY            0                         6     -6        6
  MONTH TO DATE  166                       235    -69      139
  SINCE MAR 1    328                       601   -273      369
  SINCE JUL 1   1688                      2694  -1006     2074

 COOLING
  TODAY            1                         1      0        0
  MONTH TO DATE    1                         1      0        8
  SINCE MAR 1     22                         1     21        8
  SINCE JAN 1     22                         1     21        8
..................................................................


WIND (MPH)
  HIGHEST WIND SPEED    MM   HIGHEST WIND DIRECTION    MM
  HIGHEST GUST SPEED    MM   HIGHEST GUST DIRECTION    MM
  AVERAGE WIND SPEED     4.3


SKY COVER
  POSSIBLE SUNSHINE  MM
  AVERAGE SKY COVER 0.0


WEATHER CONDITIONS
 THE FOLLOWING WEATHER WAS RECORDED TODAY.
  NO SIGNIFICANT WEATHER WAS OBSERVED.


RELATIVE HUMIDITY (PERCENT)
 HIGHEST    76           500 AM
 LOWEST     16           300 PM
 AVERAGE    46

..........................................................


THE PASO ROBLES AIRPORT CA CLIMATE NORMALS FOR TOMORROW
                         NORMAL    RECORD    YEAR
 MAXIMUM TEMPERATURE (F)   76        98      2007
 MINIMUM TEMPERATURE (F)   43        29      1970


SUNRISE AND SUNSET
APRIL 27 2015.........SUNRISE   615 AM PDT   SUNSET   746 PM PDT
APRIL 28 2015.........SUNRISE   614 AM PDT   SUNSET   747 PM PDT


-  INDICATES NEGATIVE NUMBERS.
R  INDICATES RECORD WAS SET OR TIED.
MM INDICATES DATA IS MISSING.
T  INDICATES TRACE AMOUNT.




$$
