000
CDUS45 KPUB 261056
CLIPUB


CLIMATE REPORT
NATIONAL WEATHER SERVICE PUEBLO
456 AM MDT SUN APR 26 2015


...................................

...THE PUEBLO CO CLIMATE SUMMARY FOR APRIL 25 2015...

CLIMATE NORMAL PERIOD 1981 TO 2010
CLIMATE RECORD PERIOD 1888 TO 2015


WEATHER ITEM   OBSERVED TIME   RECORD YEAR NORMAL DEPARTURE LAST
                VALUE   (LST)  VALUE       VALUE  FROM      YEAR
                                                  NORMAL
..................................................................
TEMPERATURE (F)
 YESTERDAY
  MAXIMUM         73    405 PM  88    2012  70      3       81
                                      1981
                                      1949
  MINIMUM         36    534 AM  22    1950  37     -1       36
  AVERAGE         55                        54      1       59

PRECIPITATION (IN)
  YESTERDAY        0.00          0.68 1890   0.06  -0.06     0.00
  MONTH TO DATE    0.65                      1.13  -0.48     1.20
  SINCE MAR 1      1.22                      2.06  -0.84     1.96
  SINCE JAN 1      2.60                      2.71  -0.11     2.69

SNOWFALL (IN)
  YESTERDAY        0.0           4.0  1891   0.1   -0.1      0.0
  MONTH TO DATE    T                         3.4   -3.4      8.3
  SINCE MAR 1      1.7                       9.1   -7.4     10.7
  SINCE JUL 1     42.8                      30.9   11.9     29.3
  SNOW DEPTH       0

DEGREE DAYS
 HEATING
  YESTERDAY       10                        12     -2        6
  MONTH TO DATE  320                       383    -63      311
  SINCE MAR 1    928                      1085   -157      983
  SINCE JUL 1   4950                      5388   -438     5188

 COOLING
  YESTERDAY        0                         0      0        0
  MONTH TO DATE    0                         0      0        2
  SINCE MAR 1      0                         0      0        2
  SINCE JAN 1      0                         0      0        2
..................................................................


WIND (MPH)
  HIGHEST WIND SPEED    24   HIGHEST WIND DIRECTION     W (260)
  HIGHEST GUST SPEED    31   HIGHEST GUST DIRECTION     W (280)
  AVERAGE WIND SPEED     9.2


SKY COVER
  POSSIBLE SUNSHINE  MM
  AVERAGE SKY COVER 0.2


WEATHER CONDITIONS
 THE FOLLOWING WEATHER WAS RECORDED YESTERDAY.
  NO SIGNIFICANT WEATHER WAS OBSERVED.


RELATIVE HUMIDITY (PERCENT)
 HIGHEST    85           400 AM
 LOWEST     12           300 PM
 AVERAGE    49

..........................................................


THE PUEBLO CO CLIMATE NORMALS FOR TODAY
                         NORMAL    RECORD    YEAR
 MAXIMUM TEMPERATURE (F)   71        90      1981
 MINIMUM TEMPERATURE (F)   37        25      1924


SUNRISE AND SUNSET
APRIL 26 2015.........SUNRISE   608 AM MDT   SUNSET   745 PM MDT
APRIL 27 2015.........SUNRISE   607 AM MDT   SUNSET   745 PM MDT


-  INDICATES NEGATIVE NUMBERS.
R  INDICATES RECORD WAS SET OR TIED.
MM INDICATES DATA IS MISSING.
T  INDICATES TRACE AMOUNT.




$$
