000
CDUS46 KOTX 210829
CLIPUW


CLIMATE REPORT
NATIONAL WEATHER SERVICE SPOKANE, WA
129 AM PDT TUE APR 21 2015


...................................

...THE PULLMAN-MOSCOW  AIRPORT CLIMATE SUMMARY FOR APRIL 20 2015...

CLIMATE NORMAL PERIOD 1981 TO 2010
CLIMATE RECORD PERIOD 9999 TO 9999


WEATHER ITEM   OBSERVED TIME   RECORD YEAR NORMAL DEPARTURE LAST
                VALUE   (LST)  VALUE       VALUE  FROM      YEAR
                                                  NORMAL
..................................................................
TEMPERATURE (F)
 YESTERDAY
  MAXIMUM         70    330 PM  79    1942  58     12       59
  MINIMUM         35    405 AM  23    2008  36     -1       37
  AVERAGE         53                        47      6       48

PRECIPITATION (IN)
  YESTERDAY        0.00          0.85 1958   0.04  -0.04     0.00
  MONTH TO DATE    0.55                      1.07  -0.52     0.61
  SINCE OCT 1     13.65                     11.66   1.99    11.21
  SINCE JAN 1      6.80                      6.46   0.34     7.87

SNOWFALL (IN)
  YESTERDAY       MM

DEGREE DAYS
 HEATING
  YESTERDAY       12                        18     -6       17
  MONTH TO DATE  399                       401     -2      372
  SINCE MAR 1    996                      1157   -161     1086
  SINCE JUL 1   4827                      5860  -1033     5937

 COOLING
  YESTERDAY        0                         0      0        0
  MONTH TO DATE    0                         0      0        0
  SINCE MAR 1      0                         0      0        0
  SINCE JAN 1      0                         0      0        0
..................................................................


WIND (MPH)
  HIGHEST WIND SPEED     8   HIGHEST WIND DIRECTION    NW (320)
  HIGHEST GUST SPEED    12   HIGHEST GUST DIRECTION     N (10)
  AVERAGE WIND SPEED     2.9


SKY COVER
  POSSIBLE SUNSHINE  MM
  AVERAGE SKY COVER 0.0


WEATHER CONDITIONS
 THE FOLLOWING WEATHER WAS RECORDED YESTERDAY.
  NO SIGNIFICANT WEATHER WAS OBSERVED.


RELATIVE HUMIDITY (PERCENT)
 HIGHEST    82          1200 AM
 LOWEST     24          1200 PM
 AVERAGE    53

..........................................................


THE PULLMAN-MOSCOW  AIRPORT CLIMATE NORMALS FOR TODAY
                         NORMAL    RECORD    YEAR
 MAXIMUM TEMPERATURE (F)   58        77      1956
 MINIMUM TEMPERATURE (F)   36        20      1951


SUNRISE AND SUNSET
APRIL 21 2015.........SUNRISE   551 AM PDT   SUNSET   745 PM PDT
APRIL 22 2015.........SUNRISE   549 AM PDT   SUNSET   746 PM PDT


-  INDICATES NEGATIVE NUMBERS.
R  INDICATES RECORD WAS SET OR TIED.
MM INDICATES DATA IS MISSING.
T  INDICATES TRACE AMOUNT.




$$
