000
CDUS43 KLOT 030643
CLIPWK


CLIMATE REPORT
NATIONAL WEATHER SERVICE CHICAGO IL
142 AM CDT SUN MAY 3 2015


...................................

...THE CHICAGO EXECUTIVE CLIMATE SUMMARY FOR MAY 2 2015...

CLIMATE NORMAL PERIOD 1981 TO 2010
CLIMATE RECORD PERIOD 1996 TO 2015


WEATHER ITEM   OBSERVED TIME   RECORD YEAR NORMAL DEPARTURE LAST
                VALUE   (LST)  VALUE       VALUE  FROM      YEAR
                                                  NORMAL
..................................................................
TEMPERATURE (F)
 YESTERDAY
  MAXIMUM         77    355 PM  82    2001  64     13       53
  MINIMUM         46    513 AM  33    2004  43      3       47
  AVERAGE         62                        54      8       50

PRECIPITATION (IN)
  YESTERDAY        0.00          0.91 2010   0.12  -0.12      T
  MONTH TO DATE    0.00                      0.24  -0.24     0.05
  SINCE MAR 1      3.47                      5.46  -1.99     3.48
  SINCE JAN 1      4.16                      8.04  -3.88     5.61

DEGREE DAYS
 HEATING
  YESTERDAY        3                        12     -9       15
  MONTH TO DATE   18                        24     -6       33
  SINCE MAR 1   1436                      1399     37     1588
  SINCE JUL 1   6564                      6137    427     6947

 COOLING
  YESTERDAY        0                         0      0        0
  MONTH TO DATE    0                         0      0        0
  SINCE MAR 1      0                         4     -4        0
  SINCE JAN 1      0                         4     -4        0
..................................................................


WIND (MPH)
  RESULTANT WIND SPEED   4   RESULTANT WIND DIRECTION  SW (210)
  HIGHEST WIND SPEED    15   HIGHEST WIND DIRECTION     S (190)
  HIGHEST GUST SPEED    20   HIGHEST GUST DIRECTION    SW (210)
  AVERAGE WIND SPEED     5.3



WEATHER CONDITIONS
 THE FOLLOWING WEATHER WAS RECORDED YESTERDAY.
  NO SIGNIFICANT WEATHER WAS OBSERVED.


..........................................................


THE CHICAGO EXECUTIVE CLIMATE NORMALS FOR TODAY
                         NORMAL    RECORD    YEAR
 MAXIMUM TEMPERATURE (F)   65        87      2012
 MINIMUM TEMPERATURE (F)   43        29      2004


SUNRISE AND SUNSET
MAY  3 2015...........SUNRISE   545 AM CDT   SUNSET   753 PM CDT
MAY  4 2015...........SUNRISE   544 AM CDT   SUNSET   754 PM CDT


-  INDICATES NEGATIVE NUMBERS.
R  INDICATES RECORD WAS SET OR TIED.
MM INDICATES DATA IS MISSING.
T  INDICATES TRACE AMOUNT.




$$
