000
CDUS46 KSGX 280016
CLIRNM


CLIMATE REPORT
NATIONAL WEATHER SERVICE SAN DIEGO, CA
516 PM PDT MON APR 27 2015


...................................

...THE RAMONA AIRPORT CA CLIMATE SUMMARY FOR APRIL 27 2015...
VALID TODAY AS OF 0500 PM LOCAL TIME.

CLIMATE NORMAL PERIOD 1981 TO 2010
CLIMATE RECORD PERIOD 1974 TO 2015


WEATHER ITEM   OBSERVED TIME   RECORD YEAR NORMAL DEPARTURE LAST
                VALUE   (LST)  VALUE       VALUE  FROM      YEAR
                                                  NORMAL
..................................................................
TEMPERATURE (F)
 TODAY
  MAXIMUM         83   1232 PM  97    2004  72     11       67
  MINIMUM         42    526 AM  34    1974  44     -2       43
  AVERAGE         63                        58      5       55

PRECIPITATION (IN)
  TODAY            0.00          0.48 1994   0.05  -0.05     0.00
  MONTH TO DATE    0.49                      1.29  -0.80     0.99
  SINCE OCT 1      7.93                     14.94  -7.01     7.76
  SINCE JAN 1      3.33                     10.80  -7.47     5.09

SNOWFALL (IN)
  TODAY            0.0
  MONTH TO DATE    0.0
  SINCE MAR 1      0.0
  SINCE JUL 1      0.0
  SNOW DEPTH       0

DEGREE DAYS
 HEATING
  TODAY            2                         7     -5       10
  MONTH TO DATE  195                       256    -61      189
  SINCE MAR 1    388                       631   -243      435
  SINCE JUL 1   1572                      2372   -800     1856

 COOLING
  TODAY            0                         0      0        0
  MONTH TO DATE    0                         0      0        3
  SINCE MAR 1      7                         0      7        3
  SINCE JAN 1      9                         1      8        3
..................................................................


WIND (MPH)
  RESULTANT WIND SPEED   2   RESULTANT WIND DIRECTION  NW (310)
  HIGHEST WIND SPEED    21   HIGHEST WIND DIRECTION    NE (50)
  HIGHEST GUST SPEED    30   HIGHEST GUST DIRECTION    NE (40)
  AVERAGE WIND SPEED     6.2


SKY COVER
  POSSIBLE SUNSHINE  MM
  AVERAGE SKY COVER 0.0


WEATHER CONDITIONS
 THE FOLLOWING WEATHER WAS RECORDED TODAY.
  FOG


RELATIVE HUMIDITY (PERCENT)
 HIGHEST    93           100 AM
 LOWEST     10           900 AM
 AVERAGE    52

..........................................................


THE RAMONA AIRPORT CA CLIMATE NORMALS FOR TOMORROW
                         NORMAL    RECORD    YEAR
 MAXIMUM TEMPERATURE (F)   72        95      2008
 MINIMUM TEMPERATURE (F)   44        35      1974


SUNRISE AND SUNSET
APRIL 27 2015.........SUNRISE   604 AM PDT   SUNSET   727 PM PDT
APRIL 28 2015.........SUNRISE   603 AM PDT   SUNSET   727 PM PDT


-  INDICATES NEGATIVE NUMBERS.
R  INDICATES RECORD WAS SET OR TIED.
MM INDICATES DATA IS MISSING.
T  INDICATES TRACE AMOUNT.




$$
